{"id":9725,"date":"2025-04-03T15:06:00","date_gmt":"2025-04-03T13:06:00","guid":{"rendered":"https:\/\/pedf.gdu.edu.az\/?page_id=9725"},"modified":"2025-04-03T15:06:00","modified_gmt":"2025-04-03T13:06:00","slug":"rust%c9%99mova-sevinc-ilham-qizi-2","status":"publish","type":"page","link":"https:\/\/pedf.gdu.edu.az\/?page_id=9725","title":{"rendered":"R\u00fcst\u0259mova Sevinc \u0130lham q\u0131z\u0131"},"content":{"rendered":"\n<div class=\"wp-block-image\"><figure class=\"alignleft size-full is-resized\"><img loading=\"lazy\" decoding=\"async\" src=\"https:\/\/pedf.gdu.edu.az\/wp-content\/uploads\/2025\/04\/14.Rust\u0259mova-Sevinc-Ilham.jpg\" alt=\"\" class=\"wp-image-9726\" width=\"249\" height=\"348\"\/><\/figure><\/div>\n\n\n\n<p><strong>G\u018fNC\u018f D\u00d6VL\u018fT UN\u0130VERS\u0130TET\u0130N\u0130N \u201cMUS\u0130Q\u0130 F\u018fNL\u018fR\u0130\u201d KAFEDRASININ BA\u015e M\u00dc\u018fLL\u0130M\u0130, S\u018fN\u018fT\u015e\u00dcNASLIQ \u00dcZR\u018f F\u018fLS\u018fF\u018f&nbsp; DOKTORU R\u00dcST\u018fMOVA SEV\u0130NC \u0130LHAM QIZI<\/strong><\/p>\n\n\n\n<p><strong>Telefon: <\/strong>+994 505731473<\/p>\n\n\n\n<p><strong>E-mail: <\/strong>rustamovasevinc5@mail.ru<\/p>\n\n\n\n<p><strong>&nbsp;&nbsp;&nbsp;&nbsp;&nbsp;&nbsp;&nbsp;&nbsp;&nbsp;&nbsp;&nbsp;&nbsp;&nbsp; <\/strong>sevinc.rustamova@gdu.edu.az<\/p>\n\n\n\n<p><strong>QISA B\u0130OQRAF\u0130K M\u018fLUMAT:<\/strong><\/p>\n\n\n\n<ul class=\"wp-block-list\"><li>30 avqust 1982-ci ild\u0259 \u015e\u0259mkir rayonunda anadan olmu\u015fdur. Az\u0259rbaycanl\u0131d\u0131r. Ail\u0259lidir, iki ovlad\u0131 var.<\/li><\/ul>\n\n\n\n<p><strong>T\u018fHS\u0130L\u0130:<\/strong><\/p>\n\n\n\n<ul class=\"wp-block-list\"><li>1999-cu ild\u0259 G\u0259nc\u0259 \u015f\u0259h\u0259r A.S.Pu\u015fkin ad\u0131na 9 sayl\u0131 orta m\u0259kt\u0259bi bitirmi\u015fdir.<\/li><li>1999-ci ild\u0259 H.Z\u0259rdabi ad\u0131na G\u0259nc\u0259 D\u00f6vl\u0259t Pedaqoji \u0130nstitutunun (indiki: G\u0259nc\u0259 D\u00f6vl\u0259t Universiteti) \u201cPedaqoji\u201d fak\u00fclt\u0259sinin \u201cMusiqi t\u0259hsili\u201d ixtisas\u0131na daxil olub, 2003-c\u00fc ild\u0259 f\u0259rql\u0259nm\u0259 diplomu il\u0259 bitirib, h\u0259min ild\u0259 magistratura pill\u0259sinin&nbsp; \u201cMusiqi\u015f\u00fcnasl\u0131q\u201d ixtisas\u0131na daxil olub, 2005-ci ild\u0259 f\u0259rql\u0259nm\u0259 diplomu il\u0259 bitirmi\u015fdir.<\/li><\/ul>\n\n\n\n<p><strong>\u018fM\u018fK F\u018fAL\u0130YY\u018fT\u0130:<\/strong><\/p>\n\n\n\n<ul class=\"wp-block-list\"><li>G\u0259nc\u0259 D\u00f6vl\u0259t Universitetind\u0259 2005-ci ild\u0259n staj\u00e7\u0131-m\u00fc\u0259llim, 2006-c\u0131 ild\u0259n tam \u015ftat&nbsp; \u00fczr\u0259 m\u00fc\u0259llim v\u0259zif\u0259sind\u0259 i\u015fl\u0259mi\u015f, 2011-ci ild\u0259n hal-haz\u0131rad\u0259k tam \u015ftat \u00fczr\u0259 ba\u015f m\u00fc\u0259llim i\u015fl\u0259yir.<\/li><li>Az\u0259rbaycan Respublikas\u0131 Prezidenti Yan\u0131nda Ali Attestasiya Komissiyas\u0131n\u0131n 16.06.2023-c\u00fc il tarixli q\u0259rar\u0131 il\u0259 6213.01-Musiqi s\u0259n\u0259ti ixtisas\u0131nda s\u0259n\u0259t\u015f\u00fcnasl\u0131q elm sah\u0259si \u00fczr\u0259 f\u0259ls\u0259f\u0259 doktoru elmi d\u0259r\u0259c\u0259si verilmi\u015fdir.<\/li><\/ul>\n\n\n\n<p><strong>T\u018fDQ\u0130QAT SAH\u018fS\u0130:<\/strong><\/p>\n\n\n\n<ul class=\"wp-block-list\"><li>Poeziya v\u0259 musiqinin qar\u015f\u0131l\u0131ql\u0131 \u0259laq\u0259l\u0259ri, Az\u0259rbaycan xalq musiqisinin t\u0259dqiqi v\u0259 t\u0259drisi m\u0259s\u0259l\u0259l\u0259ri.<\/li><\/ul>\n\n\n\n<p><strong>&nbsp;ELM\u0130 \u018fS\u018fRL\u018fR\u0130:<\/strong><\/p>\n\n\n\n<ul class=\"wp-block-list\"><li>R\u00fcst\u0259mova S. M\u0259hs\u0259ti G\u0259nc\u0259vinin poeziyas\u0131nda Orta \u0259srl\u0259r d\u00f6vr\u00fcn\u00fcn musiqi m\u0259d\u0259niyy\u0259tinin t\u0259dqiqi \/\/ Bak\u0131: \u201cMusiqi d\u00fcnyas\u0131\u201d Beyn\u0259lxalq,&nbsp;&nbsp;&nbsp; elmi-pedaqoji, t\u0259nqidi-publisistik, m\u0259d\u0259ni-maarif musiqi jurnal\u0131,&nbsp;&nbsp;&nbsp;&nbsp;&nbsp;&nbsp;&nbsp;&nbsp;&nbsp;&nbsp;&nbsp;&nbsp;&nbsp;&nbsp;&nbsp;&nbsp;&nbsp;&nbsp;&nbsp;&nbsp;&nbsp; \u2116 4\/81, 2019, s.100-103. URL: <a href=\"http:\/\/www.musigi-dunya.az\/4%202019.pdf\">http:\/\/www.musigi-dunya.az\/4 2019.pdf<\/a>&nbsp; (M\u0259qal\u0259). &nbsp;<\/li><li>R\u00fcst\u0259mova S. M\u0259hs\u0259ti G\u0259nc\u0259viy\u0259 h\u0259sr olunmu\u015f operalar \/\/ &nbsp;Bak\u0131: \u201cMusiqi d\u00fcnyas\u0131\u201d Beyn\u0259lxalq, elmi-pedaqoji, t\u0259nqidi-publisistik, m\u0259d\u0259ni-maarif musiqi jurnal\u0131, \u2116 2\/83, 2020, s. 80-83 (M\u0259qal\u0259). &nbsp;<\/li><li>The Azerbaijanian poet Mahsati Ganjavi`s oeuvre and music \/\/ Culture of Ukraine. Scientific Journal. &nbsp;Kharkiv: KhSAC, \u0130ssue 70, 2020, &nbsp;s.121-129 (M\u0259qal\u0259).<\/li><\/ul>\n\n\n\n<p>URL: <a href=\"http:\/\/www.musigi-dunya.az\/pdf\/82\/2_2020.pdf\">http:\/\/www.musigi-dunya.az\/pdf\/82\/2_2020.pdf<\/a><\/p>\n\n\n\n<ul class=\"wp-block-list\"><li>R\u00fcst\u0259mova S. M\u0259hs\u0259ti G\u0259nc\u0259vinin poeziyas\u0131 xor \u0259s\u0259rl\u0259rind\u0259 \/\/ Bak\u0131: \u201cMusiqi d\u00fcnyas\u0131\u201d Beyn\u0259lxalq, elmi-pedaqoji, t\u0259nqidi-publisistik, m\u0259d\u0259ni-maarif musiqi jurnal\u0131, 2021. \u21161\/86, s. 61-65 (M\u0259qal\u0259).<\/li><\/ul>\n\n\n\n<p>URL:<a href=\"http:\/\/www.musigi-dunya.az\/1_2021.pdf\">http:\/\/www.musigi-dunya.az\/1_2021.pdf<\/a><\/p>\n\n\n\n<ul class=\"wp-block-list\"><li>R\u00fcst\u0259mova S. M\u0259hs\u0259ti G\u0259nc\u0259vinin poeziyas\u0131 Az\u0259rbaycan b\u0259st\u0259karlar\u0131n\u0131n vokal \u0259s\u0259rl\u0259rind\u0259 \/\/ Bak\u0131: \u201cS\u0259n\u0259t Akademiyas\u0131\u201d (beyn\u0259lxalq elmi-n\u0259z\u0259ri jurnal). Bak&nbsp; Xoreoqrafiya Akademiyas\u0131, \u21161 (13),&nbsp; 2021, s. 26-31 (M\u0259qal\u0259).<\/li><li>R\u00fcst\u0259mova S. B\u0259st\u0259kar Rizvan S\u0259dirxanovun \u201cM\u0259hs\u0259ti G\u0259nc\u0259vinin r\u00fcbail\u0259ri\u201d vokal silsil\u0259si \/\/ Nax\u00e7\u0131van: Axtar\u0131\u015flar, Cild 15, \u21162,&nbsp;&nbsp;&nbsp;&nbsp;&nbsp;&nbsp;&nbsp;&nbsp;&nbsp;&nbsp; &nbsp;&nbsp;&nbsp;&nbsp;&nbsp;&nbsp;&nbsp;&nbsp;&nbsp;2021, s. 230-236 (M\u0259qal\u0259).<strong><\/strong><\/li><li>R\u00fcst\u0259mova S. \u201cM\u0259hs\u0259ti G\u0259nc\u0259vinin yarad\u0131c\u0131l\u0131q irsind\u0259 mu\u011fam s\u0259n\u0259ti\u201d &nbsp;&nbsp;&nbsp;&nbsp;&nbsp;&nbsp;&nbsp;&nbsp;&nbsp;&nbsp;&nbsp;&nbsp;&nbsp;&nbsp;&nbsp;&nbsp;&nbsp;&nbsp;&nbsp;\/\/ DO\u0130-d\u0259n istifad\u0259 il\u0259 \u201cMusiqi d\u00fcnyas\u0131\u201d Beyn\u0259lxalq, elmi-pedaqoji, t\u0259nqidi-publisistik, m\u0259d\u0259ni-maarif musiqi jurnal\u0131, 2023 (M\u0259qal\u0259).<\/li><li>R\u00fcst\u0259mova S.\u0130. \u201cMusiqi s\u0259n\u0259tind\u0259 \u201cX\u0259rabat\u201d m\u00f6vzusuna dair\u201d . \/\/&nbsp; G\u0259nc\u0259 D\u00f6vl\u0259t Universitetinin \u201cElmi x\u0259b\u0259rl\u0259r\u201d jurnal\u0131, 2023, \u2116 4, (M\u0259qal\u0259).<\/li><\/ul>\n\n\n\n<p>V\u0259 s.<\/p>\n\n\n\n<p><strong>BEYN\u018fLXALQ V\u018f RESPUBL\u0130KA S\u0130MPOZ\u0130UM V\u018f KONFRANSLARDA \u0130\u015eT\u0130RAKI:<\/strong><\/p>\n\n\n\n<ul class=\"wp-block-list\"><li>Respublika v\u0259 Beyn\u0259lxalq elmi konfranslarda m\u00fcxt\u0259lif m\u00f6vzularda elmi m\u0259ruz\u0259l\u0259rl\u0259 \u00e7\u0131x\u0131\u015f etmi\u015fdir (Az\u0259rbaycan m\u0259d\u0259niyy\u0259tind\u0259 M\u0259hs\u0259ti G\u0259nc\u0259vinin \u015fair v\u0259 musiqi\u00e7i kimi rolu. \/\/Beyn\u0259lxalq konfrans\u0131n materiallar\u0131. &nbsp;\u0130stanbul: Kadir Has University Cibali Conqress Center, 4-7 sentyabr, 2019, &nbsp;s. 228-231; M\u0259hs\u0259ti G\u0259nc\u0259vi v\u0259 Az\u0259rbaycan musiqi m\u0259d\u0259niyy\u0259ti m\u00f6vzusunun aktuall\u0131\u011f\u0131na dair \/\/ \u201cG\u0259nc\u0259nin musiqi m\u0259d\u0259niyy\u0259tinin tarixi\u201d Respublika konfrans\u0131n\u0131n materiallar\u0131. G\u0259nc\u0259, GDU-nun m\u0259tb\u0259\u0259si, 15-16 noyabr, 2019, &nbsp;&nbsp;&nbsp;&nbsp;s.23-29; M\u0259hs\u0259ti G\u0259nc\u0259vi poeziyas\u0131 Az\u0259rbaycan b\u0259st\u0259karlar\u0131n\u0131n yarad\u0131c\u0131l\u0131\u011f\u0131nda \/\/ VI \u201cUluslararas\u0131 M\u00fczik ve Dans Kongresi\u201dnin materiallar\u0131. T\u00fcrkiy\u0259, Alanya,&nbsp; 30-31 oktyabr, 2020, &nbsp;s.425-431.<\/li><\/ul>\n\n\n\n<p>URL: https: \/\/www .imdcongress.com\/dosya\/arsiv\/2020\/Bildiri_Kitabi.pdf; M\u0259hs\u0259ti G\u0259nc\u0259vinin poeziyas\u0131 b\u0259st\u0259kar Pik\u0259 Axundovan\u0131n vokal yarad\u0131c\u0131l\u0131\u011f\u0131nda \/\/ \u201cB\u0259st\u0259kar v\u0259 zaman\u201d Respublika konfrans\u0131n\u0131n materiallar\u0131. \u00dc.Hac\u0131b\u0259yli ad\u0131na &nbsp;Bak\u0131 Musiqi Akademiyas\u0131, 20-21 aprel,&nbsp; 2021, &nbsp;&nbsp;&nbsp;&nbsp;&nbsp;&nbsp;&nbsp;&nbsp;s.180-190; XII \u0259sr Az\u0259rbaycan poeziyas\u0131nda musiqi \/\/ VII \u201cUluslararas\u0131 M\u00fczik ve Dans Kongresi\u201dnin materiallar\u0131. T\u00fcrkiy\u0259, \u00c7e\u015fm\u0259, 28-30 may, 2021, s. 470-476; URL: <a href=\"https:\/\/%20www.%20imdcongress.%20com\/dosya\/arsiv\/%202021_1\/Bildiri_%20Kitabi.pdf\">https:\/\/ www. imdcongress. com\/dosya\/arsiv\/ 2021_1\/Bildiri_ Kitabi.pdf<\/a>; M\u0259hs\u0259ti G\u0259nc\u0259vinin r\u00fcbail\u0259rind\u0259 musiqi al\u0259tl\u0259rinin t\u0259sviri. \/\/ IX \u201cUluslararas\u0131 Muzik ve Dans Kongresi\u201dnin materiallar\u0131nda, K\u0131r\u011f\u0131stan, Bi\u015fkek, 20-25 may, 2022, s. 482-490.<\/p>\n\n\n\n<p><a href=\"URL:https:\/\/www.imdcongress.com\/dosya\/arsiv\/2022_1\/Kongre_Kitabi.pdf\">URL:https:\/\/www.imdcongress.com\/dosya\/arsiv\/2022_1\/Kongre_Kitabi.pdf<\/a> v\u0259 s.).<\/p>\n\n\n\n<p><strong>D\u0130L B\u0130LG\u0130S\u0130:<\/strong><\/p>\n\n\n\n<ul class=\"wp-block-list\"><li>Az\u0259rbaycan, rus (s\u0259rb\u0259st), ingilis (l\u00fc\u011f\u0259tl\u0259).<\/li><\/ul>\n\n\n\n<p><strong>PART\u0130YALI\u011eI:<\/strong><\/p>\n\n\n\n<ul class=\"wp-block-list\"><li>2000-ci ild\u0259n YAP-\u0131n \u00fczv\u00fcd\u00fcr.<\/li><\/ul>\n","protected":false},"excerpt":{"rendered":"<p>G\u018fNC\u018f D\u00d6VL\u018fT UN\u0130VERS\u0130TET\u0130N\u0130N \u201cMUS\u0130Q\u0130 F\u018fNL\u018fR\u0130\u201d KAFEDRASININ BA\u015e M\u00dc\u018fLL\u0130M\u0130, S\u018fN\u018fT\u015e\u00dcNASLIQ \u00dcZR\u018f F\u018fLS\u018fF\u018f&nbsp; DOKTORU R\u00dcST\u018fMOVA SEV\u0130NC \u0130LHAM QIZI Telefon: +994 505731473 E-mail: rustamovasevinc5@mail.ru &nbsp;&nbsp;&nbsp;&nbsp;&nbsp;&nbsp;&nbsp;&nbsp;&nbsp;&nbsp;&nbsp;&nbsp;&nbsp; sevinc.rustamova@gdu.edu.az QISA B\u0130OQRAF\u0130K M\u018fLUMAT: 30 avqust 1982-ci ild\u0259 \u015e\u0259mkir rayonunda anadan olmu\u015fdur. Az\u0259rbaycanl\u0131d\u0131r. Ail\u0259lidir, iki ovlad\u0131 var. T\u018fHS\u0130L\u0130: 1999-cu ild\u0259 G\u0259nc\u0259 \u015f\u0259h\u0259r A.S.Pu\u015fkin ad\u0131na 9 sayl\u0131 orta m\u0259kt\u0259bi bitirmi\u015fdir. 1999-ci ild\u0259 H.Z\u0259rdabi ad\u0131na<\/p>\n<p><a href=\"https:\/\/pedf.gdu.edu.az\/?page_id=9725\" class=\"more-link themebutton\">Daha \u0259trafl\u0131 <\/a><\/p>\n","protected":false},"author":4,"featured_media":0,"parent":0,"menu_order":0,"comment_status":"closed","ping_status":"closed","template":"","meta":{"footnotes":""},"class_list":["post-9725","page","type-page","status-publish","hentry"],"_links":{"self":[{"href":"https:\/\/pedf.gdu.edu.az\/index.php?rest_route=\/wp\/v2\/pages\/9725","targetHints":{"allow":["GET"]}}],"collection":[{"href":"https:\/\/pedf.gdu.edu.az\/index.php?rest_route=\/wp\/v2\/pages"}],"about":[{"href":"https:\/\/pedf.gdu.edu.az\/index.php?rest_route=\/wp\/v2\/types\/page"}],"author":[{"embeddable":true,"href":"https:\/\/pedf.gdu.edu.az\/index.php?rest_route=\/wp\/v2\/users\/4"}],"replies":[{"embeddable":true,"href":"https:\/\/pedf.gdu.edu.az\/index.php?rest_route=%2Fwp%2Fv2%2Fcomments&post=9725"}],"version-history":[{"count":1,"href":"https:\/\/pedf.gdu.edu.az\/index.php?rest_route=\/wp\/v2\/pages\/9725\/revisions"}],"predecessor-version":[{"id":9727,"href":"https:\/\/pedf.gdu.edu.az\/index.php?rest_route=\/wp\/v2\/pages\/9725\/revisions\/9727"}],"wp:attachment":[{"href":"https:\/\/pedf.gdu.edu.az\/index.php?rest_route=%2Fwp%2Fv2%2Fmedia&parent=9725"}],"curies":[{"name":"wp","href":"https:\/\/api.w.org\/{rel}","templated":true}]}}