{"id":9709,"date":"2025-04-03T14:50:37","date_gmt":"2025-04-03T12:50:37","guid":{"rendered":"https:\/\/pedf.gdu.edu.az\/?page_id=9709"},"modified":"2025-04-03T14:50:37","modified_gmt":"2025-04-03T12:50:37","slug":"m%c9%99mm%c9%99dova-feride-fuzuli-qizi","status":"publish","type":"page","link":"https:\/\/pedf.gdu.edu.az\/?page_id=9709","title":{"rendered":"M\u0259mm\u0259dova Feride F\u00fczuli q\u0131z\u0131"},"content":{"rendered":"\n<div class=\"wp-block-image\"><figure class=\"alignleft size-full is-resized\"><img loading=\"lazy\" decoding=\"async\" src=\"https:\/\/pedf.gdu.edu.az\/wp-content\/uploads\/2025\/04\/12.M\u0259mm\u0259dova-Feride-Fuzuli-PhotoRoom.png-PhotoRoom1.png\" alt=\"\" class=\"wp-image-9710\" width=\"258\" height=\"344\"\/><\/figure><\/div>\n\n\n\n<p><strong>G\u018fNC\u018f D\u00d6VL\u018fT UN\u0130VERS\u0130TET\u0130N\u0130N \u201cMUS\u0130Q\u0130 F\u018fNL\u018fR\u0130\u201d KAFEDRASININ M\u00dc\u018fLL\u0130M\u0130 M\u018fMM\u018fDOVA FER\u0130DE F\u0130ZUL\u0130 QIZI<\/strong><\/p>\n\n\n\n<p><strong>Telefon<\/strong>: +994 555531697<\/p>\n\n\n\n<p><strong>E-mail<\/strong>: <a href=\"mailto:mammadovaferide21@gmail.com\">mammadovaferide21@gmail.com<\/a><\/p>\n\n\n\n<p><strong>QISA B\u0130OQRAF\u0130K M\u018fLUMAT<\/strong><\/p>\n\n\n\n<p>\u25cf &nbsp;&nbsp;&nbsp;&nbsp;&nbsp; 5 oktyabr&nbsp; 1991-ci ild\u0259 Az\u0259rbaycan Respublikas\u0131 G\u0259nc\u0259 \u015f\u0259h\u0259rind\u0259 m\u00fc\u0259llim ail\u0259sind\u0259 anadan olmu\u015fdur. Az\u0259rbaycanl\u0131d\u0131r. Ail\u0259lidir, bir \u00f6vlad\u0131 var.<\/p>\n\n\n\n<p><strong>T\u018fHS\u0130L\u0130<\/strong><\/p>\n\n\n\n<p>\u25cf &nbsp;&nbsp;&nbsp;&nbsp;&nbsp; 2008-ci ild\u0259 G\u0259nc\u0259 \u015f\u0259h\u0259ri K.D.U\u015funski ad\u0131na&nbsp; 29 sayl\u0131 \u00fcmumt\u0259hsil orta m\u0259kt\u0259bin 11-ci sinfini bitirib.<\/p>\n\n\n\n<p>\u25cf &nbsp;&nbsp;&nbsp;&nbsp;&nbsp; 2008-ci ild\u0259 Az\u0259rbaycan&nbsp; D\u00f6vl\u0259t&nbsp; M\u0259d\u0259niyy\u0259t v\u0259 \u0130nc\u0259s\u0259n\u0259t \u00dcniversitetinin \u201cMusiqi\u015f\u00fcnasl\u0131q\u201d fak\u00fclt\u0259sinin \u201cMusiqi\u015f\u00fcnasl\u0131q\u201d ixtisas\u0131na daxil olub,&nbsp;&nbsp; &nbsp;2013-c\u00fc ild\u0259 f\u0259rql\u0259nm\u0259 diplomu il\u0259 bitirib.<\/p>\n\n\n\n<p>\u25cf &nbsp;&nbsp;&nbsp;&nbsp;&nbsp; 2014-c\u00fc ild\u0259 Nax\u00e7\u0131van D\u00f6vl\u0259t Universitetinin \u201cMusiqi\u015f\u00fcnasl\u0131q\u201d fak\u00fclt\u0259sinin \u201cMusiqi t\u0259nqidi\u201d ixtisas\u0131n\u0131n magistr pill\u0259sin\u0259 daxil olub, 2016-c\u0131 ild\u0259 f\u0259rql\u0259nm\u0259 diplomu il\u0259 bitirib.<\/p>\n\n\n\n<p><strong>\u018fM\u018fK F\u018fAL\u0130YY\u018fT\u0130<\/strong><\/p>\n\n\n\n<p>\u25cf &nbsp;&nbsp;&nbsp;&nbsp;&nbsp; 2013-c\u00fc ild\u0259n 2023-c\u00fc ilin iyul ay\u0131nad\u0259k G\u0259nc\u0259 D\u00f6vl\u0259t Universitetinin \u201cMusiqi&nbsp; f\u0259nl\u0259ri\u201d kafedras\u0131nda&nbsp; \u015ftat \u00fczr\u0259 konsertmeyster v\u0259zif\u0259sind\u0259 i\u015fl\u0259yib. 2023-c\u00fc ilin sentyabr ay\u0131ndan G\u0259nc\u0259 D\u00f6vl\u0259t Universitetinin \u201cMusiqi&nbsp; f\u0259nl\u0259ri\u201d kafedras\u0131nda&nbsp; tam \u015ftat \u00fczr\u0259&nbsp; m\u00fc\u0259llim v\u0259zif\u0259sind\u0259 i\u015fl\u0259yir.<\/p>\n\n\n\n<p><strong>T\u018fDQ\u0130QAT SAH\u018fS\u0130<\/strong><\/p>\n\n\n\n<p>\u25cf &nbsp;&nbsp;&nbsp;&nbsp;&nbsp;&nbsp;Xor sinfi v\u0259 drijorluq f\u0259nl\u0259rinin t\u0259drisi m\u0259s\u0259l\u0259l\u0259ri.<\/p>\n\n\n\n<ul class=\"wp-block-list\"><li>GDU-nun \u201cMusiqi f\u0259nl\u0259ri\u201d kafedras\u0131 n\u0259zdind\u0259 t\u0259l\u0259b\u0259 xor kollektivinin i\u015find\u0259<\/li><\/ul>\n\n\n\n<p>yax\u0131ndan i\u015ftirak edir, t\u0259l\u0259b\u0259l\u0259rl\u0259 konsert proqramlar\u0131 haz\u0131rlay\u0131r.<\/p>\n\n\n\n<p><strong>D\u0130L B\u0130LG\u0130S\u0130<\/strong><\/p>\n\n\n\n<p>\u25cf Az\u0259rbaycan , rus (s\u0259rb\u0259st).<\/p>\n\n\n\n<p><strong>PART\u0130YALI\u011eI<\/strong><\/p>\n\n\n\n<p>\u25cf&nbsp; 2016-c\u0131 ild\u0259n YAP-\u0131n \u00fczv\u00fcd\u00fcr.<strong><\/strong><\/p>\n","protected":false},"excerpt":{"rendered":"<p>G\u018fNC\u018f D\u00d6VL\u018fT UN\u0130VERS\u0130TET\u0130N\u0130N \u201cMUS\u0130Q\u0130 F\u018fNL\u018fR\u0130\u201d KAFEDRASININ M\u00dc\u018fLL\u0130M\u0130 M\u018fMM\u018fDOVA FER\u0130DE F\u0130ZUL\u0130 QIZI Telefon: +994 555531697 E-mail: mammadovaferide21@gmail.com QISA B\u0130OQRAF\u0130K M\u018fLUMAT \u25cf &nbsp;&nbsp;&nbsp;&nbsp;&nbsp; 5 oktyabr&nbsp; 1991-ci ild\u0259 Az\u0259rbaycan Respublikas\u0131 G\u0259nc\u0259 \u015f\u0259h\u0259rind\u0259 m\u00fc\u0259llim ail\u0259sind\u0259 anadan olmu\u015fdur. Az\u0259rbaycanl\u0131d\u0131r. Ail\u0259lidir, bir \u00f6vlad\u0131 var. T\u018fHS\u0130L\u0130 \u25cf &nbsp;&nbsp;&nbsp;&nbsp;&nbsp; 2008-ci ild\u0259 G\u0259nc\u0259 \u015f\u0259h\u0259ri K.D.U\u015funski ad\u0131na&nbsp; 29 sayl\u0131 \u00fcmumt\u0259hsil orta m\u0259kt\u0259bin 11-ci sinfini bitirib.<\/p>\n<p><a href=\"https:\/\/pedf.gdu.edu.az\/?page_id=9709\" class=\"more-link themebutton\">Daha \u0259trafl\u0131 <\/a><\/p>\n","protected":false},"author":4,"featured_media":0,"parent":0,"menu_order":0,"comment_status":"closed","ping_status":"closed","template":"","meta":{"footnotes":""},"class_list":["post-9709","page","type-page","status-publish","hentry"],"_links":{"self":[{"href":"https:\/\/pedf.gdu.edu.az\/index.php?rest_route=\/wp\/v2\/pages\/9709","targetHints":{"allow":["GET"]}}],"collection":[{"href":"https:\/\/pedf.gdu.edu.az\/index.php?rest_route=\/wp\/v2\/pages"}],"about":[{"href":"https:\/\/pedf.gdu.edu.az\/index.php?rest_route=\/wp\/v2\/types\/page"}],"author":[{"embeddable":true,"href":"https:\/\/pedf.gdu.edu.az\/index.php?rest_route=\/wp\/v2\/users\/4"}],"replies":[{"embeddable":true,"href":"https:\/\/pedf.gdu.edu.az\/index.php?rest_route=%2Fwp%2Fv2%2Fcomments&post=9709"}],"version-history":[{"count":1,"href":"https:\/\/pedf.gdu.edu.az\/index.php?rest_route=\/wp\/v2\/pages\/9709\/revisions"}],"predecessor-version":[{"id":9711,"href":"https:\/\/pedf.gdu.edu.az\/index.php?rest_route=\/wp\/v2\/pages\/9709\/revisions\/9711"}],"wp:attachment":[{"href":"https:\/\/pedf.gdu.edu.az\/index.php?rest_route=%2Fwp%2Fv2%2Fmedia&parent=9709"}],"curies":[{"name":"wp","href":"https:\/\/api.w.org\/{rel}","templated":true}]}}