{"id":9596,"date":"2025-04-01T12:10:49","date_gmt":"2025-04-01T10:10:49","guid":{"rendered":"https:\/\/pedf.gdu.edu.az\/?page_id=9596"},"modified":"2025-04-07T09:42:09","modified_gmt":"2025-04-07T07:42:09","slug":"mustafayeva-zabit%c9%99-%c9%99nv%c9%99r-qizi","status":"publish","type":"page","link":"https:\/\/pedf.gdu.edu.az\/?page_id=9596","title":{"rendered":"Mustafayeva Zabit\u0259 \u018fnv\u0259r q\u0131z\u0131"},"content":{"rendered":"\n<div class=\"wp-block-image\"><figure class=\"alignleft size-full is-resized\"><img loading=\"lazy\" decoding=\"async\" src=\"https:\/\/pedf.gdu.edu.az\/wp-content\/uploads\/2025\/04\/\u0420\u0438\u0441\u0443\u043d\u043e\u043a6.jpg\" alt=\"\" class=\"wp-image-9597\" width=\"178\" height=\"223\"\/><\/figure><\/div>\n\n\n\n<p><strong>Fiziki t\u0259rbiy\u0259, \u00e7a\u011f\u0131r\u0131\u015faq\u0259d\u0259rki haz\u0131rl\u0131q v\u0259 m\u00fclki m\u00fcdafi\u0259 kafedras\u0131n\u0131n laborant\u0131 Mustafayeva Zabit\u0259<\/strong><\/p>\n\n\n\n<p>tel: 0553144604<\/p>\n\n\n\n<p>E-mail: mustafayevazara64@gmail.com<\/p>\n\n\n\n<p><strong>QISA B\u0130OQRAF\u0130K M\u018fLUMAT<\/strong><\/p>\n\n\n\n<p>1984-c\u00fc il 24 dekabrda G\u0259nc\u0259 \u015f\u0259h\u0259rind\u0259 anadan olub<\/p>\n\n\n\n<p>1991-2001ci ild\u0259 17 sayl\u0131 orta m\u0259kt\u0259bind\u0259 t\u0259hsil al\u0131b<\/p>\n\n\n\n<p><strong>T\u018fHS\u0130L\u0130 V\u018f ELM\u0130 D\u018fR\u018fC\u018f ADLARI<\/strong><\/p>\n\n\n\n<p>2001-ci ild\u0259 Az\u0259rbaycan M\u00fc\u0259lliml\u0259r \u0130nstitutunun G\u0259nc\u0259 filial\u0131na q\u0259bul olub<\/p>\n\n\n\n<p>2005-ci ild\u0259 Az\u0259rbaycan M\u00fc\u0259lliml\u0259r \u0130nstitutunun G\u0259nc\u0259 filial\u0131n\u0131 bitirib<\/p>\n\n\n\n<p><strong>\u018fM\u018fK F\u018fAL\u0130YY\u018fT\u0130<\/strong><\/p>\n\n\n\n<p>2005-ci ild\u0259n G\u0259nc\u0259 D\u00f6vl\u0259t Universitetinin \u201cFiziki t\u0259rbiy\u0259, \u00e7a\u011f\u0131r\u0131\u015faq\u0259d\u0259rki haz\u0131rl\u0131q v\u0259 m\u00fclki m\u00fcdafi\u0259\u201d kafedras\u0131nda laborant v\u0259zif\u0259sind\u0259 i\u015fl\u0259yir<\/p>\n","protected":false},"excerpt":{"rendered":"<p>Fiziki t\u0259rbiy\u0259, \u00e7a\u011f\u0131r\u0131\u015faq\u0259d\u0259rki haz\u0131rl\u0131q v\u0259 m\u00fclki m\u00fcdafi\u0259 kafedras\u0131n\u0131n laborant\u0131 Mustafayeva Zabit\u0259 tel: 0553144604 E-mail: mustafayevazara64@gmail.com QISA B\u0130OQRAF\u0130K M\u018fLUMAT 1984-c\u00fc il 24 dekabrda G\u0259nc\u0259 \u015f\u0259h\u0259rind\u0259 anadan olub 1991-2001ci ild\u0259 17 sayl\u0131 orta m\u0259kt\u0259bind\u0259 t\u0259hsil al\u0131b T\u018fHS\u0130L\u0130 V\u018f ELM\u0130 D\u018fR\u018fC\u018f ADLARI 2001-ci ild\u0259 Az\u0259rbaycan M\u00fc\u0259lliml\u0259r \u0130nstitutunun G\u0259nc\u0259 filial\u0131na q\u0259bul olub 2005-ci ild\u0259 Az\u0259rbaycan M\u00fc\u0259lliml\u0259r \u0130nstitutunun G\u0259nc\u0259 filial\u0131n\u0131<\/p>\n<p><a href=\"https:\/\/pedf.gdu.edu.az\/?page_id=9596\" class=\"more-link themebutton\">Daha \u0259trafl\u0131 <\/a><\/p>\n","protected":false},"author":4,"featured_media":0,"parent":0,"menu_order":0,"comment_status":"closed","ping_status":"closed","template":"","meta":{"footnotes":""},"class_list":["post-9596","page","type-page","status-publish","hentry"],"_links":{"self":[{"href":"https:\/\/pedf.gdu.edu.az\/index.php?rest_route=\/wp\/v2\/pages\/9596","targetHints":{"allow":["GET"]}}],"collection":[{"href":"https:\/\/pedf.gdu.edu.az\/index.php?rest_route=\/wp\/v2\/pages"}],"about":[{"href":"https:\/\/pedf.gdu.edu.az\/index.php?rest_route=\/wp\/v2\/types\/page"}],"author":[{"embeddable":true,"href":"https:\/\/pedf.gdu.edu.az\/index.php?rest_route=\/wp\/v2\/users\/4"}],"replies":[{"embeddable":true,"href":"https:\/\/pedf.gdu.edu.az\/index.php?rest_route=%2Fwp%2Fv2%2Fcomments&post=9596"}],"version-history":[{"count":2,"href":"https:\/\/pedf.gdu.edu.az\/index.php?rest_route=\/wp\/v2\/pages\/9596\/revisions"}],"predecessor-version":[{"id":9791,"href":"https:\/\/pedf.gdu.edu.az\/index.php?rest_route=\/wp\/v2\/pages\/9596\/revisions\/9791"}],"wp:attachment":[{"href":"https:\/\/pedf.gdu.edu.az\/index.php?rest_route=%2Fwp%2Fv2%2Fmedia&parent=9596"}],"curies":[{"name":"wp","href":"https:\/\/api.w.org\/{rel}","templated":true}]}}