{"id":9587,"date":"2025-04-01T11:55:57","date_gmt":"2025-04-01T09:55:57","guid":{"rendered":"https:\/\/pedf.gdu.edu.az\/?page_id=9587"},"modified":"2025-04-07T09:41:24","modified_gmt":"2025-04-07T07:41:24","slug":"sir%c9%99liyeva-aynur-vahid-qizi","status":"publish","type":"page","link":"https:\/\/pedf.gdu.edu.az\/?page_id=9587","title":{"rendered":"\u015eir\u0259liyeva Aynur Vahid q\u0131z\u0131"},"content":{"rendered":"\n<div class=\"wp-block-image\"><figure class=\"alignleft size-full is-resized\"><img loading=\"lazy\" decoding=\"async\" src=\"https:\/\/pedf.gdu.edu.az\/wp-content\/uploads\/2025\/04\/\u0420\u0438\u0441\u0443\u043d\u043e\u043a3.jpg\" alt=\"\" class=\"wp-image-9588\" width=\"217\" height=\"304\"\/><\/figure><\/div>\n\n\n\n<p><strong>Fiziki t\u0259rbiy\u0259, \u00e7a\u011f\u0131r\u0131\u015faq\u0259d\u0259rki haz\u0131rl\u0131q v\u0259 m\u00fclki m\u00fcdafi\u0259 kafedras\u0131n\u0131n ba\u015f laborant\u0131 \u015eir\u0259liyeva Aynur<\/strong><\/p>\n\n\n\n<p>tel: 0513699800<\/p>\n\n\n\n<p>E-mail: aynursir\u0259liyeva 40 @gmail.com<\/p>\n\n\n\n<p><strong>QISA B\u0130OQRAF\u0130K M\u018fLUMAT<\/strong><\/p>\n\n\n\n<p>1974-c\u00fc il 28 mayda G\u0259nc\u0259 \u015f\u0259h\u0259rind\u0259 anadan olub<\/p>\n\n\n\n<p>1980-1990ci ild\u0259 27 sayl\u0131 G\u0259nc\u0259 \u015f\u0259h\u0259r orta m\u0259kt\u0259bind\u0259 t\u0259hsil al\u0131b<\/p>\n\n\n\n<p>2001-ci Yeni Az\u0259rbaycan Partiyas\u0131n\u0131n \u00fczv\u00fcd\u00fcr.<\/p>\n\n\n\n<p><strong>T\u018fHS\u0130L\u0130 V\u018f ELM\u0130 D\u018fR\u018fC\u018f ADLARI<\/strong><\/p>\n\n\n\n<p>1990-c\u0131 ild\u0259 G\u0259nc\u0259 D\u00f6vl\u0259t Universitetinin \u201cFilologiya\u201d ixtisas\u0131na q\u0259bul olub<\/p>\n\n\n\n<p>1994-c\u00fc ild\u0259 G\u0259nc\u0259 D\u00f6vl\u0259t Universitetinin \u201cFilologiya\u201d ixtisas\u0131n\u0131 bitirib<\/p>\n\n\n\n<p><strong>\u018fM\u018fK F\u018fAL\u0130YY\u018fT\u0130<\/strong><\/p>\n\n\n\n<p>2001-ci ild\u0259n G\u0259nc\u0259 D\u00f6vl\u0259t Universitetinin \u201cG\u0259ncl\u0259rin \u00e7a\u011f\u0131r\u0131\u015faq\u0259d\u0259rki haz\u0131rl\u0131\u011f\u0131 v\u0259 onun t\u0259drisi metodikas\u0131\u201d kafedras\u0131nda ba\u015f laborant v\u0259zif\u0259sind\u0259 i\u015fl\u0259yir<\/p>\n","protected":false},"excerpt":{"rendered":"<p>Fiziki t\u0259rbiy\u0259, \u00e7a\u011f\u0131r\u0131\u015faq\u0259d\u0259rki haz\u0131rl\u0131q v\u0259 m\u00fclki m\u00fcdafi\u0259 kafedras\u0131n\u0131n ba\u015f laborant\u0131 \u015eir\u0259liyeva Aynur tel: 0513699800 E-mail: aynursir\u0259liyeva 40 @gmail.com QISA B\u0130OQRAF\u0130K M\u018fLUMAT 1974-c\u00fc il 28 mayda G\u0259nc\u0259 \u015f\u0259h\u0259rind\u0259 anadan olub 1980-1990ci ild\u0259 27 sayl\u0131 G\u0259nc\u0259 \u015f\u0259h\u0259r orta m\u0259kt\u0259bind\u0259 t\u0259hsil al\u0131b 2001-ci Yeni Az\u0259rbaycan Partiyas\u0131n\u0131n \u00fczv\u00fcd\u00fcr. T\u018fHS\u0130L\u0130 V\u018f ELM\u0130 D\u018fR\u018fC\u018f ADLARI 1990-c\u0131 ild\u0259 G\u0259nc\u0259 D\u00f6vl\u0259t Universitetinin \u201cFilologiya\u201d<\/p>\n<p><a href=\"https:\/\/pedf.gdu.edu.az\/?page_id=9587\" class=\"more-link themebutton\">Daha \u0259trafl\u0131 <\/a><\/p>\n","protected":false},"author":4,"featured_media":0,"parent":0,"menu_order":0,"comment_status":"closed","ping_status":"closed","template":"","meta":{"footnotes":""},"class_list":["post-9587","page","type-page","status-publish","hentry"],"_links":{"self":[{"href":"https:\/\/pedf.gdu.edu.az\/index.php?rest_route=\/wp\/v2\/pages\/9587","targetHints":{"allow":["GET"]}}],"collection":[{"href":"https:\/\/pedf.gdu.edu.az\/index.php?rest_route=\/wp\/v2\/pages"}],"about":[{"href":"https:\/\/pedf.gdu.edu.az\/index.php?rest_route=\/wp\/v2\/types\/page"}],"author":[{"embeddable":true,"href":"https:\/\/pedf.gdu.edu.az\/index.php?rest_route=\/wp\/v2\/users\/4"}],"replies":[{"embeddable":true,"href":"https:\/\/pedf.gdu.edu.az\/index.php?rest_route=%2Fwp%2Fv2%2Fcomments&post=9587"}],"version-history":[{"count":2,"href":"https:\/\/pedf.gdu.edu.az\/index.php?rest_route=\/wp\/v2\/pages\/9587\/revisions"}],"predecessor-version":[{"id":9788,"href":"https:\/\/pedf.gdu.edu.az\/index.php?rest_route=\/wp\/v2\/pages\/9587\/revisions\/9788"}],"wp:attachment":[{"href":"https:\/\/pedf.gdu.edu.az\/index.php?rest_route=%2Fwp%2Fv2%2Fmedia&parent=9587"}],"curies":[{"name":"wp","href":"https:\/\/api.w.org\/{rel}","templated":true}]}}