{"id":9566,"date":"2025-04-01T11:30:39","date_gmt":"2025-04-01T09:30:39","guid":{"rendered":"https:\/\/pedf.gdu.edu.az\/?page_id=9566"},"modified":"2025-04-03T09:29:18","modified_gmt":"2025-04-03T07:29:18","slug":"babayeva-sara-f%c9%99rman-q","status":"publish","type":"page","link":"https:\/\/pedf.gdu.edu.az\/?page_id=9566","title":{"rendered":"Babayeva Sara F\u0259rman q.\u00a0"},"content":{"rendered":"\n<div class=\"wp-block-image\"><figure class=\"alignleft size-full is-resized\"><img loading=\"lazy\" decoding=\"async\" src=\"https:\/\/pedf.gdu.edu.az\/wp-content\/uploads\/2025\/04\/s.jpg\" alt=\"\" class=\"wp-image-9567\" width=\"242\" height=\"339\" srcset=\"https:\/\/pedf.gdu.edu.az\/wp-content\/uploads\/2025\/04\/s.jpg 1445w, https:\/\/pedf.gdu.edu.az\/wp-content\/uploads\/2025\/04\/s-768x1076.jpg 768w, https:\/\/pedf.gdu.edu.az\/wp-content\/uploads\/2025\/04\/s-1097x1536.jpg 1097w\" sizes=\"auto, (max-width: 242px) 100vw, 242px\" \/><\/figure><\/div>\n\n\n\n<p><strong>Fiziki t\u0259rbiy\u0259, \u00e7a\u011f\u0131r\u0131\u015faq\u0259d\u0259rki haz\u0131rl\u0131q v\u0259 m\u00fclki m\u00fcdafi\u0259 kafedras\u0131n\u0131n ba\u015f m\u00fc\u0259llimi Babayeva Sara<\/strong><\/p>\n\n\n\n<p>tel: 0555862815<\/p>\n\n\n\n<p>E-mail: babayevasara3@gmail.com<\/p>\n\n\n\n<p><strong>QISA BiOQRAF\u0130K M\u018fLUMAT<\/strong><\/p>\n\n\n\n<p>1963-c\u00fc ild\u0259 9 fevralda \u015e\u0259mkir \u015f\u0259h\u0259rind\u0259 anadan olub<\/p>\n\n\n\n<p>1970-1980ci ild\u0259 1 sayl\u0131 orta m\u0259kt\u0259bind\u0259 t\u0259hsil al\u0131b<\/p>\n\n\n\n<p>2003-c\u00fc ild\u0259n Yeni Az\u0259rbaycan Partiyas\u0131n\u0131n \u00fczv\u00fcd\u00fcr<\/p>\n\n\n\n<p><strong>T\u018fHS\u0130L\u0130 V\u018f ELM\u0130 D\u018fR\u018fC\u018f ADLARI<\/strong><\/p>\n\n\n\n<p>1980-c\u0131 ild\u0259 Az\u0259rbaycan K\u0259nd T\u0259s\u0259rr\u00fcfat\u0131 \u0130nstitutuna daxil olub<\/p>\n\n\n\n<p>1986-c\u0131 ild\u0259 Az\u0259rbaycan K\u0259nd T\u0259s\u0259rr\u00fcfat\u0131 \u0130nstitutunu bitirib<\/p>\n\n\n\n<p>2004-c\u00fc ild\u0259 Az\u0259rbaycan M\u00fc\u0259lliml\u0259r \u0130nstitutunun G\u0259nc\u0259 filial\u0131n\u0131 bitirib<\/p>\n\n\n\n<p><strong>\u018fM\u018fK F\u018fAL\u0130YY\u018fT\u0130<\/strong><\/p>\n\n\n\n<p>1997-1998-ci ild\u0259 G\u0259nc\u0259 \u015f\u0259h\u0259r 10 sayl\u0131 M.Hadi ad\u0131na orta m\u0259kt\u0259bd\u0259 m\u00fc\u0259llim<\/p>\n\n\n\n<p>1998-2000-ci ill\u0259rd\u0259 G\u0259nc\u0259 \u015f\u0259h\u0259r maliyy\u0259 idar\u0259sind\u0259 i\u015fl\u0259yib<\/p>\n\n\n\n<p>2000-2004-c\u00fc ill\u0259rd\u0259 Bayan k\u0259nd orta m\u0259kt\u0259bind\u0259 m\u00fc\u0259llim<\/p>\n\n\n\n<p>2005-ci ild\u0259 G\u0259nc\u0259 D\u00f6vl\u0259t Universitetinin G\u0259ncl\u0259rin \u00e7a\u011f\u0131r\u0131\u015faq\u0259d\u0259rki haz\u0131rl\u0131\u011f\u0131 v\u0259 m\u00fclki m\u00fcdafi\u0259 kafedras\u0131nda m\u00fc\u0259llim.<\/p>\n\n\n\n<p>2018-ci ild\u0259n h\u0259min kafedrada ba\u015f m\u00fc\u0259llim<\/p>\n\n\n\n<p><strong>ELM\u0130 M\u018fQAL\u018fL\u018fR\u0130<\/strong><\/p>\n\n\n\n<p>1. &nbsp;f\u00f6vq\u0259lad\u0259 hallar v\u0259 biz. GDU, Professor-m\u00fc\u0259lliml\u0259rin aspirant v\u0259 g\u0259nc t\u0259dqiqat\u00e7\u0131lar\u0131n elmi-t\u0259dqiqat v\u0259 yarad\u0131c\u0131l\u0131q i\u015fl\u0259rinin toplusu.G\u0259nc\u0259 2008<\/p>\n\n\n\n<p>2. G\u00c7H \u2013 g\u0259ncl\u0259rin silahl\u0131 q\u00fcvv\u0259l\u0259rd\u0259 xidm\u0259t\u0259 haz\u0131rlanmas\u0131nda t\u0259rkib hiss\u0259sidir. GDU Elmi x\u0259b\u0259rl\u0259r, fundamental, humanitar v\u0259 t\u0259bi\u0259t elml\u0259ri seriyas\u0131. G\u0259nc\u0259 2012. s. 280-282&nbsp;&nbsp;&nbsp;&nbsp;&nbsp;&nbsp;&nbsp;&nbsp;&nbsp;&nbsp;&nbsp;&nbsp;&nbsp;&nbsp;&nbsp;&nbsp;&nbsp;&nbsp;&nbsp;&nbsp;&nbsp;&nbsp;&nbsp;&nbsp;&nbsp;&nbsp;&nbsp;&nbsp;&nbsp;&nbsp;&nbsp;&nbsp;&nbsp;&nbsp;&nbsp;&nbsp;&nbsp;&nbsp;&nbsp;&nbsp;&nbsp;&nbsp;&nbsp;<\/p>\n\n\n\n<p>3. \u0130lk tibbi yard\u0131m\u0131n t\u0259\u015fkili v\u0259 v\u0259zif\u0259l\u0259ri. BDU. Elmi \u0259s\u0259rl\u0259r. Bak\u0131 2014. s. 135-142&nbsp;<\/p>\n\n\n\n<p>4. Hipertoniya x\u0259st\u0259liyi v\u0259 m\u00fcalic\u0259si. GDU Elmi x\u0259b\u0259rl\u0259r, fundamental, humanitar v\u0259 t\u0259bi\u0259t elml\u0259ri seriyas\u0131. G\u0259nc\u0259 2015.&nbsp;&nbsp;&nbsp;&nbsp;&nbsp;&nbsp;&nbsp;&nbsp;&nbsp;&nbsp;&nbsp;&nbsp;&nbsp;&nbsp;&nbsp;&nbsp;&nbsp;&nbsp;&nbsp;&nbsp;&nbsp;&nbsp;&nbsp;&nbsp;&nbsp;&nbsp;&nbsp;&nbsp;&nbsp;&nbsp;&nbsp;&nbsp;&nbsp;&nbsp;&nbsp;&nbsp;&nbsp;&nbsp;&nbsp;&nbsp;&nbsp;&nbsp;&nbsp;&nbsp;&nbsp;&nbsp;&nbsp;<\/p>\n\n\n\n<p>5. Komufulyaj r\u0259ngl\u0259rinin t\u0259tbiqi s\u0259b\u0259bl\u0259ri haqq\u0131nda. GDU Elmi x\u0259b\u0259rl\u0259r, fundamental, humanitar v\u0259 t\u0259bi\u0259t elml\u0259ri seriyas\u0131. G\u0259nc\u0259 2016. s. 231-233<\/p>\n\n\n\n<p>6. Sinir-psixi pozulmalar. GDU Elmi x\u0259b\u0259rl\u0259r, fundamental, humanitar v\u0259 t\u0259bi\u0259t elml\u0259ri seriyas\u0131. G\u0259nc\u0259 2018.<\/p>\n\n\n\n<p>7.&nbsp; F\u00f6vqalad\u0259 hallar v\u0259 biz . GDU Elmi x\u0259b\u0259rl\u0259r. G\u0259nc\u0259, 2019.<\/p>\n\n\n\n<p>8. \u0130lk tibbi yard\u0131m\u0131n t\u0259\u015fkili v\u0259 qaydalar\u0131. GDU Elmi x\u0259b\u0259rl\u0259r. G\u0259nc\u0259, 2021.<\/p>\n","protected":false},"excerpt":{"rendered":"<p>Fiziki t\u0259rbiy\u0259, \u00e7a\u011f\u0131r\u0131\u015faq\u0259d\u0259rki haz\u0131rl\u0131q v\u0259 m\u00fclki m\u00fcdafi\u0259 kafedras\u0131n\u0131n ba\u015f m\u00fc\u0259llimi Babayeva Sara tel: 0555862815 E-mail: babayevasara3@gmail.com QISA BiOQRAF\u0130K M\u018fLUMAT 1963-c\u00fc ild\u0259 9 fevralda \u015e\u0259mkir \u015f\u0259h\u0259rind\u0259 anadan olub 1970-1980ci ild\u0259 1 sayl\u0131 orta m\u0259kt\u0259bind\u0259 t\u0259hsil al\u0131b 2003-c\u00fc ild\u0259n Yeni Az\u0259rbaycan Partiyas\u0131n\u0131n \u00fczv\u00fcd\u00fcr T\u018fHS\u0130L\u0130 V\u018f ELM\u0130 D\u018fR\u018fC\u018f ADLARI 1980-c\u0131 ild\u0259 Az\u0259rbaycan K\u0259nd T\u0259s\u0259rr\u00fcfat\u0131 \u0130nstitutuna daxil olub 1986-c\u0131<\/p>\n<p><a href=\"https:\/\/pedf.gdu.edu.az\/?page_id=9566\" class=\"more-link themebutton\">Daha \u0259trafl\u0131 <\/a><\/p>\n","protected":false},"author":4,"featured_media":0,"parent":0,"menu_order":0,"comment_status":"closed","ping_status":"closed","template":"","meta":{"footnotes":""},"class_list":["post-9566","page","type-page","status-publish","hentry"],"_links":{"self":[{"href":"https:\/\/pedf.gdu.edu.az\/index.php?rest_route=\/wp\/v2\/pages\/9566","targetHints":{"allow":["GET"]}}],"collection":[{"href":"https:\/\/pedf.gdu.edu.az\/index.php?rest_route=\/wp\/v2\/pages"}],"about":[{"href":"https:\/\/pedf.gdu.edu.az\/index.php?rest_route=\/wp\/v2\/types\/page"}],"author":[{"embeddable":true,"href":"https:\/\/pedf.gdu.edu.az\/index.php?rest_route=\/wp\/v2\/users\/4"}],"replies":[{"embeddable":true,"href":"https:\/\/pedf.gdu.edu.az\/index.php?rest_route=%2Fwp%2Fv2%2Fcomments&post=9566"}],"version-history":[{"count":2,"href":"https:\/\/pedf.gdu.edu.az\/index.php?rest_route=\/wp\/v2\/pages\/9566\/revisions"}],"predecessor-version":[{"id":9662,"href":"https:\/\/pedf.gdu.edu.az\/index.php?rest_route=\/wp\/v2\/pages\/9566\/revisions\/9662"}],"wp:attachment":[{"href":"https:\/\/pedf.gdu.edu.az\/index.php?rest_route=%2Fwp%2Fv2%2Fmedia&parent=9566"}],"curies":[{"name":"wp","href":"https:\/\/api.w.org\/{rel}","templated":true}]}}