{"id":882,"date":"2016-04-19T15:50:01","date_gmt":"2016-04-19T13:50:01","guid":{"rendered":"http:\/\/pf.gdu.edu.az\/?page_id=882"},"modified":"2025-06-23T10:28:05","modified_gmt":"2025-06-23T08:28:05","slug":"s%c9%99rifova-tunzal%c9%99-f%c9%99rrux-qizi","status":"publish","type":"page","link":"http:\/\/pedf.gdu.edu.az\/?page_id=882","title":{"rendered":"\u015e\u0259rifova T\u00fcnzal\u0259 F\u0259rrux q\u0131z\u0131"},"content":{"rendered":"\n<div class=\"wp-block-image\"><figure class=\"alignleft\"><a href=\"http:\/\/pedf.gdu.edu.az\/wp-content\/uploads\/2016\/04\/Tunzala-Sharifova.jpg\" data-rel=\"lightbox-image-0\" data-rl_title=\"\" data-rl_caption=\"\" title=\"\"><img loading=\"lazy\" decoding=\"async\" width=\"285\" height=\"410\" src=\"http:\/\/pedf.gdu.edu.az\/wp-content\/uploads\/2016\/04\/Tunzala-Sharifova.jpg\" alt=\"Tunzala Sharifova\" class=\"wp-image-883\" srcset=\"http:\/\/pedf.gdu.edu.az\/wp-content\/uploads\/2016\/04\/Tunzala-Sharifova.jpg 285w, http:\/\/pedf.gdu.edu.az\/wp-content\/uploads\/2016\/04\/Tunzala-Sharifova-209x300.jpg 209w\" sizes=\"auto, (max-width: 285px) 100vw, 285px\" \/><\/a><\/figure><\/div>\n\n\n\n<h2 class=\"wp-block-heading\"><strong>G\u018fNC\u018f D\u00d6VL\u018fT UN\u0130VERS\u0130TET\u0130N\u0130N <\/strong><strong>\u201cT\u018fHS\u0130L\u0130N PEDAQOG\u0130KASI V\u018f METOD\u0130KASI\u201d KAFEDRASININ BA\u015e M\u00dc\u018fLL\u0130M\u0130 <\/strong><strong>\u015e\u018fR\u0130FOVA T\u00dcNZAL\u018f F\u018fRRUX QIZI<\/strong><strong><\/strong><\/h2>\n\n\n\n<p><strong>\u00dcnvan<\/strong>: AZ-2000, G\u0259nc\u0259 \u015f\u0259h\u0259ri, Atat\u00fcrk prospekti 259. Bina 3, m\u0259nzil 3.<\/p>\n\n\n\n<p><strong>Telefon<\/strong>:+994 515979236<\/p>\n\n\n\n<p><strong>&nbsp;E-mail<\/strong>: <a href=\"mailto:Tunzale.sherifova@mail.ru\"><u>Tunzale.sherifova@mail.ru<\/u><\/a><\/p>\n\n\n\n<p><strong>&nbsp;QISA B\u0130OQRAF\u0130K M\u018fLUMAT<\/strong><\/p>\n\n\n\n<ul class=\"wp-block-list\"><li>1973-c\u00fc il &nbsp;may ay\u0131n\u0131n 21-d\u0259 Az\u0259rbaycan Respublikas\u0131 Qazax rayonu Da\u015f Salahl\u0131 k\u0259ndind\u0259 anadan olmu\u015fdur.&nbsp;Az\u0259rbaycanl\u0131d\u0131r. Ail\u0259lidir.<\/li><\/ul>\n\n\n\n<p><strong>T\u018fHS\u0130L\u0130<\/strong><\/p>\n\n\n\n<ul class=\"wp-block-list\"><li>1990-c\u0131 ild\u0259 Qazax rayonu &nbsp;Da\u015f Salahl\u0131 k\u0259nd orta m\u0259kt\u0259bini&nbsp;&nbsp;bitirmi\u015fdir.<\/li><li>1990-c\u0131 ild\u0259 H.Z\u0259rdabi ad\u0131na G\u0259nc\u0259 D\u00f6vl\u0259t Pedaqoji \u0130nstitutunun &nbsp;\u0130btidai t\u0259hsilin pedaqogikas\u0131 v\u0259 metodikas\u0131 fakult\u0259sin\u0259 daxil olmu\u015fdu. 1995-ci ild\u0259 h\u0259min institutu bitirmi\u015fdir.<\/li><\/ul>\n\n\n\n<p><strong>ELM\u0130 D\u018fR\u018fC\u018fS\u0130 V\u018f ELM\u0130 ADLARI<\/strong><strong><\/strong><\/p>\n\n\n\n<p><strong>&nbsp;&nbsp;&nbsp;&nbsp;&nbsp;2001-ci ild\u0259 Ba\u015f m\u00fc\u0259llim v\u0259zif\u0259sin\u0259 se\u00e7ilmi\u015fdir.<\/strong><\/p>\n\n\n\n<p><strong>\u018fM\u018fK F\u018fAL\u0130YY\u018fT\u0130<\/strong><strong><\/strong><\/p>\n\n\n\n<ul class=\"wp-block-list\"><li>1998-ci il tarixd\u0259n 2001-ci il tarix\u0259d\u0259k H.Z\u0259rdabi ad\u0131na GDP\u0130-nin Qazax filial\u0131n\u0131n ictimai f\u0259nl\u0259r v\u0259 pedaqogika f\u0259nl\u0259ri kafedras\u0131nda m\u00fc\u0259llim &nbsp;i\u015fl\u0259mi\u015fdir.<\/li><li>01.09.2001-ci il tarixd\u0259n &nbsp;hal-haz\u0131ra q\u0259d\u0259r GDU-nun T\u0259hsilin pedaqogikas\u0131 v\u0259 metodikas\u0131 &nbsp;kafedras\u0131nda ba\u015f m\u00fc\u0259llim i\u015fl\u0259yir.<\/li><\/ul>\n\n\n\n<p><strong>T\u018fDQ\u0130QAT SAH\u018fS\u0130<\/strong><strong><\/strong><\/p>\n\n\n\n<ul class=\"wp-block-list\"><li>\u00d6lk\u0259mizd\u0259 v\u0259 xarici \u00f6lk\u0259l\u0259rd\u0259 Az\u0259rbaycan, rus v\u0259 ingilis dill\u0259rind\u0259 d\u0259rc olunmu\u015f m\u0259qal\u0259l\u0259rin v\u0259 &nbsp;f\u0259nn proqramlar\u0131n\u0131n m\u00fc\u0259llifidir.<\/li><\/ul>\n\n\n\n<p><strong>ELM\u0130 \u018fS\u018fRL\u018fR\u0130 (2019-2024-c\u00fc ill\u0259r)<\/strong><\/p>\n\n\n\n<ul class=\"wp-block-list\"><li>X\u0259lil Rza yarad\u0131c\u0131l\u0131\u011f\u0131nda t\u0259rbiy\u0259 m\u0259s\u0259l\u0259l\u0259ri. Elmi M\u0259qal\u0259. Pedaqoji Universitet x\u0259b\u0259rl\u0259ri.Bak\u0131 2019<\/li><li>Mir C\u0259lal Pa\u015fayevin \u201cBir g\u0259ncin manifesti\u201d \u0259s\u0259rinin dil x\u00fcsusiyy\u0259tl\u0259ri. Elmi M\u0259qal\u0259. Bak\u0131 D\u00f6vl\u0259t Universiteti. Respublika Elmi-n\u0259z\u0259ri konfrans\u0131 Materiallar.Bak\u0131 2020<\/li><li>Qloballa\u015fma \u015f\u0259raitind\u0259 t\u0259hsilin inki\u015faf\u0131. Elmi M\u0259qal\u0259. I Beyn\u0259lxalq simpozium X\u0259z\u0259r Universiteti. Bak\u0131 2021<\/li><li>G\u0259nc n\u0259slin \u015f\u0259xsiyy\u0259t kimi formala\u015fmas\u0131nda Nizaminin \u0259s\u0259rl\u0259rinin \u0259h\u0259miyy\u0259ti(\u201cSirl\u0259r x\u0259zin\u0259si\u201d poemas\u0131 \u0259sas\u0131nda). Elmi M\u0259qal\u0259. G\u0259nc\u0259 D\u00f6vl\u0259tUniversiteti. \u201cElmi x\u0259b\u0259rl\u0259r\u201d , 2021<\/li><li>\u0130btidai sinif \u015fagirdl\u0259rinin tolerantl\u0131q t\u0259rbiy\u0259si. Elmi M\u0259qal\u0259. AMEA \u201cX\u0259b\u0259rl\u0259r m\u0259cmu\u0259si\u201d Pedaqoji elml\u0259r seriyas\u01311(4) &nbsp;2022<\/li><li>U\u015faqlarda yarad\u0131c\u0131l\u0131q qabiliyy\u0259tl\u0259rinin inki\u015faf\u0131. Elmi M\u0259qal\u0259. AMEA \u201cX\u0259b\u0259rl\u0259r m\u0259cmu\u0259si\u201d Pedaqoji elml\u0259r seriyas\u0131. &nbsp;2023<\/li><\/ul>\n\n\n\n<p>&nbsp;&nbsp;&nbsp;&nbsp;&nbsp;&nbsp;&nbsp;<strong>PART\u0130YALI\u011eI<\/strong><strong><\/strong><\/p>\n\n\n\n<ul class=\"wp-block-list\"><li>2008-ci ild\u0259n Yeni Az\u0259rbaycan Partiyas\u0131n\u0131n \u00fczv\u00fcd\u00fcr. <strong><\/strong><\/li><\/ul>\n","protected":false},"excerpt":{"rendered":"<p>G\u018fNC\u018f D\u00d6VL\u018fT UN\u0130VERS\u0130TET\u0130N\u0130N \u201cT\u018fHS\u0130L\u0130N PEDAQOG\u0130KASI V\u018f METOD\u0130KASI\u201d KAFEDRASININ BA\u015e M\u00dc\u018fLL\u0130M\u0130 \u015e\u018fR\u0130FOVA T\u00dcNZAL\u018f F\u018fRRUX QIZI \u00dcnvan: AZ-2000, G\u0259nc\u0259 \u015f\u0259h\u0259ri, Atat\u00fcrk prospekti 259. Bina 3, m\u0259nzil 3. Telefon:+994 515979236 &nbsp;E-mail: Tunzale.sherifova@mail.ru &nbsp;QISA B\u0130OQRAF\u0130K M\u018fLUMAT 1973-c\u00fc il &nbsp;may ay\u0131n\u0131n 21-d\u0259 Az\u0259rbaycan Respublikas\u0131 Qazax rayonu Da\u015f Salahl\u0131 k\u0259ndind\u0259 anadan olmu\u015fdur.&nbsp;Az\u0259rbaycanl\u0131d\u0131r. Ail\u0259lidir. T\u018fHS\u0130L\u0130 1990-c\u0131 ild\u0259 Qazax rayonu &nbsp;Da\u015f Salahl\u0131 k\u0259nd<\/p>\n<p><a href=\"http:\/\/pedf.gdu.edu.az\/?page_id=882\" class=\"more-link themebutton\">Daha \u0259trafl\u0131 <\/a><\/p>\n","protected":false},"author":1,"featured_media":883,"parent":0,"menu_order":0,"comment_status":"closed","ping_status":"closed","template":"","meta":{"footnotes":""},"class_list":["post-882","page","type-page","status-publish","has-post-thumbnail","hentry"],"_links":{"self":[{"href":"http:\/\/pedf.gdu.edu.az\/index.php?rest_route=\/wp\/v2\/pages\/882","targetHints":{"allow":["GET"]}}],"collection":[{"href":"http:\/\/pedf.gdu.edu.az\/index.php?rest_route=\/wp\/v2\/pages"}],"about":[{"href":"http:\/\/pedf.gdu.edu.az\/index.php?rest_route=\/wp\/v2\/types\/page"}],"author":[{"embeddable":true,"href":"http:\/\/pedf.gdu.edu.az\/index.php?rest_route=\/wp\/v2\/users\/1"}],"replies":[{"embeddable":true,"href":"http:\/\/pedf.gdu.edu.az\/index.php?rest_route=%2Fwp%2Fv2%2Fcomments&post=882"}],"version-history":[{"count":4,"href":"http:\/\/pedf.gdu.edu.az\/index.php?rest_route=\/wp\/v2\/pages\/882\/revisions"}],"predecessor-version":[{"id":10609,"href":"http:\/\/pedf.gdu.edu.az\/index.php?rest_route=\/wp\/v2\/pages\/882\/revisions\/10609"}],"wp:featuredmedia":[{"embeddable":true,"href":"http:\/\/pedf.gdu.edu.az\/index.php?rest_route=\/wp\/v2\/media\/883"}],"wp:attachment":[{"href":"http:\/\/pedf.gdu.edu.az\/index.php?rest_route=%2Fwp%2Fv2%2Fmedia&parent=882"}],"curies":[{"name":"wp","href":"https:\/\/api.w.org\/{rel}","templated":true}]}}