{"id":756,"date":"2016-04-14T15:56:39","date_gmt":"2016-04-14T13:56:39","guid":{"rendered":"http:\/\/pf.gdu.edu.az\/?page_id=756"},"modified":"2025-05-07T07:03:07","modified_gmt":"2025-05-07T05:03:07","slug":"dosent-aslanova-zulal%c9%99-mahmud-qizi","status":"publish","type":"page","link":"http:\/\/pedf.gdu.edu.az\/?page_id=756","title":{"rendered":"Dosent Aslanova Z\u00fclal\u0259 Mahmud q\u0131z\u0131"},"content":{"rendered":"\n<div class=\"wp-block-image\"><figure class=\"alignleft\"><a href=\"http:\/\/pedf.gdu.edu.az\/wp-content\/uploads\/2016\/04\/Aslanova-Z\u00fclal\u0259-dosent.jpg\" data-rel=\"lightbox-image-0\" data-rl_title=\"\" data-rl_caption=\"\" title=\"\"><img loading=\"lazy\" decoding=\"async\" width=\"250\" height=\"313\" src=\"http:\/\/pedf.gdu.edu.az\/wp-content\/uploads\/2016\/04\/Aslanova-Z\u00fclal\u0259-dosent.jpg\" alt=\"Aslanova Z\u00fclal\u0259 dosent\" class=\"wp-image-757\" srcset=\"http:\/\/pedf.gdu.edu.az\/wp-content\/uploads\/2016\/04\/Aslanova-Z\u00fclal\u0259-dosent.jpg 250w, http:\/\/pedf.gdu.edu.az\/wp-content\/uploads\/2016\/04\/Aslanova-Z\u00fclal\u0259-dosent-240x300.jpg 240w\" sizes=\"auto, (max-width: 250px) 100vw, 250px\" \/><\/a><\/figure><\/div>\n\n\n\n<p>1947 ci ild\u0259 anadan olmu\u015f, 1963-66-c\u0131 ill\u0259r Bak\u0131 1n\u00f6mr\u0259li tibb texnikomunda t\u0259hsil alaraq oran\u0131 f\u0259rql\u0259nm\u0259 diploma il\u0259 bitirmi\u015fdir. 1966-70 ill\u0259r Tovuz rayonunun \u018flim\u0259rdanl\u0131 k\u0259ndind\u0259 ba\u011f\u00e7a m\u00fcdiri v\u0259 tibb bac\u0131s\u0131 v\u0259zif\u0259l\u0259rind\u0259 \u00e7al\u0131\u015fm\u0131\u015fd\u0131r. 1970-74-c\u00fc ill\u0259rd\u0259 V.\u0130.Lenin ad\u0131na AP\u0130-nin (indiki ADPU) Ibtidai t\u0259hsilin pedaqogikas\u0131 v\u0259 metodikas\u0131 fak\u00fclt\u0259sinin m\u0259kt\u0259b\u0259q\u0259d\u0259r t\u0259hsilin pedaqogikas\u0131 v\u0259 psixologiyas\u0131 ixtisas\u0131 \u00fczr\u0259 t\u0259hsil alm\u0131\u015f v\u0259 oran\u0131 f\u0259rql\u0259nm\u0259 diploma il\u0259 bitirmi\u015fdir. Az\u0259rbaycan Ali v\u0259 Orta \u0130xtisas t\u0259hsili Nazirliyinin 112 n\u00f6mr\u0259li g\u00f6nd\u0259ri\u015f v\u0259r\u0259q\u0259si \u0259sas\u0131nda Psixologiya kafedras\u0131nda saxlan\u0131lm\u0131\u015fd\u0131r. 1977-80-c\u0131 ill\u0259r Az\u0259rb. ETPE\u0130-da psixologiya ixtisas\u0131 \u00fczr\u0259 \u0259yani aspirant olmu\u015fdur. 1985-ci ild\u0259 Tbilisi D\u00f6vl\u0259t Universtetind\u0259 psixologiya elml\u0259r namiz\u0259di alimlik d\u0259r\u0259c\u0259si almaq \u00fc\u00e7\u00fcn m\u00fcdafi\u0259 etmi\u015fdir. 1984-c\u00fc ild\u0259n ail\u0259 v\u0259ziyy\u0259ti il\u0259 ba\u011fli G\u0259nc\u0259 \u015f\u0259h\u0259rin\u0259 k\u00f6\u00e7\u0259r\u0259k GDU-nun psixologiya&nbsp; (H\u0259s\u0259nb\u0259y Z\u0259rdabi ad\u0131na Kirovabad Pedaqoji \u0130nstitutu) kafedras\u0131nda f\u0259aliyy\u0259t\u0259 ba\u015flam\u0131\u015fd\u0131r.1989-cu ild\u0259n h\u0259min kafedran\u0131n dosenti, 2001-2011-ci ill\u0259r kafedra m\u00fcdiri v\u0259zif\u0259sind\u0259 \u00e7al\u0131\u015fm\u0131\u015fd\u0131r. Haz\u0131rda kafedran\u0131n dosentidir. Bu ill\u0259r \u0259rzind\u0259 40- dan art\u0131q elmi m\u0259qal\u0259, metodik t\u00f6vsiy\u0259, metodik v\u0259sait, d\u0259rs v\u0259saiti v\u0259 proqramlar\u0131n (bakalavr v\u0259 magistr pill\u0259si \u00fc\u00e7\u00fcn) m\u00fc\u0259llifidir. \u018fsas m\u0259kt\u0259b\u0259q\u0259d\u0259r v\u0259 ki\u00e7ik m\u0259kt\u0259b ya\u015f d\u00f6vr\u00fcn\u00fcn psixoloji x\u00fcsusiyy\u0259tl\u0259rinin \u00f6yr\u0259nilm\u0259si istiqam\u0259tind\u0259 i\u015f apar\u0131r.<\/p>\n","protected":false},"excerpt":{"rendered":"<p>1947 ci ild\u0259 anadan olmu\u015f, 1963-66-c\u0131 ill\u0259r Bak\u0131 1n\u00f6mr\u0259li tibb texnikomunda t\u0259hsil alaraq oran\u0131 f\u0259rql\u0259nm\u0259 diploma il\u0259 bitirmi\u015fdir. 1966-70 ill\u0259r Tovuz rayonunun \u018flim\u0259rdanl\u0131 k\u0259ndind\u0259 ba\u011f\u00e7a m\u00fcdiri v\u0259 tibb bac\u0131s\u0131 v\u0259zif\u0259l\u0259rind\u0259 \u00e7al\u0131\u015fm\u0131\u015fd\u0131r. 1970-74-c\u00fc ill\u0259rd\u0259 V.\u0130.Lenin ad\u0131na AP\u0130-nin (indiki ADPU) Ibtidai t\u0259hsilin pedaqogikas\u0131 v\u0259 metodikas\u0131 fak\u00fclt\u0259sinin m\u0259kt\u0259b\u0259q\u0259d\u0259r t\u0259hsilin pedaqogikas\u0131 v\u0259 psixologiyas\u0131 ixtisas\u0131 \u00fczr\u0259 t\u0259hsil alm\u0131\u015f v\u0259 oran\u0131<\/p>\n<p><a href=\"http:\/\/pedf.gdu.edu.az\/?page_id=756\" class=\"more-link themebutton\">Daha \u0259trafl\u0131 <\/a><\/p>\n","protected":false},"author":1,"featured_media":757,"parent":0,"menu_order":0,"comment_status":"closed","ping_status":"closed","template":"","meta":{"footnotes":""},"class_list":["post-756","page","type-page","status-publish","has-post-thumbnail","hentry"],"_links":{"self":[{"href":"http:\/\/pedf.gdu.edu.az\/index.php?rest_route=\/wp\/v2\/pages\/756","targetHints":{"allow":["GET"]}}],"collection":[{"href":"http:\/\/pedf.gdu.edu.az\/index.php?rest_route=\/wp\/v2\/pages"}],"about":[{"href":"http:\/\/pedf.gdu.edu.az\/index.php?rest_route=\/wp\/v2\/types\/page"}],"author":[{"embeddable":true,"href":"http:\/\/pedf.gdu.edu.az\/index.php?rest_route=\/wp\/v2\/users\/1"}],"replies":[{"embeddable":true,"href":"http:\/\/pedf.gdu.edu.az\/index.php?rest_route=%2Fwp%2Fv2%2Fcomments&post=756"}],"version-history":[{"count":3,"href":"http:\/\/pedf.gdu.edu.az\/index.php?rest_route=\/wp\/v2\/pages\/756\/revisions"}],"predecessor-version":[{"id":10130,"href":"http:\/\/pedf.gdu.edu.az\/index.php?rest_route=\/wp\/v2\/pages\/756\/revisions\/10130"}],"wp:featuredmedia":[{"embeddable":true,"href":"http:\/\/pedf.gdu.edu.az\/index.php?rest_route=\/wp\/v2\/media\/757"}],"wp:attachment":[{"href":"http:\/\/pedf.gdu.edu.az\/index.php?rest_route=%2Fwp%2Fv2%2Fmedia&parent=756"}],"curies":[{"name":"wp","href":"https:\/\/api.w.org\/{rel}","templated":true}]}}