{"id":750,"date":"2016-04-14T15:53:43","date_gmt":"2016-04-14T13:53:43","guid":{"rendered":"http:\/\/pf.gdu.edu.az\/?page_id=750"},"modified":"2025-05-07T07:02:47","modified_gmt":"2025-05-07T05:02:47","slug":"dosent-ibrahimov-c%c9%99f%c9%99r-huseyn-oglu","status":"publish","type":"page","link":"http:\/\/pedf.gdu.edu.az\/?page_id=750","title":{"rendered":"Dosent \u0130brahimov C\u0259f\u0259r H\u00fcseyn o\u011flu"},"content":{"rendered":"\n<div class=\"wp-block-image\"><figure class=\"alignleft\"><a href=\"http:\/\/pedf.gdu.edu.az\/wp-content\/uploads\/2016\/04\/IMG_2498.jpg\" data-rel=\"lightbox-image-0\" data-rl_title=\"\" data-rl_caption=\"\" title=\"\"><img loading=\"lazy\" decoding=\"async\" width=\"200\" height=\"300\" src=\"http:\/\/pedf.gdu.edu.az\/wp-content\/uploads\/2016\/04\/IMG_2498-200x300.jpg\" alt=\"IMG_2498\" class=\"wp-image-1007\" srcset=\"http:\/\/pedf.gdu.edu.az\/wp-content\/uploads\/2016\/04\/IMG_2498-200x300.jpg 200w, http:\/\/pedf.gdu.edu.az\/wp-content\/uploads\/2016\/04\/IMG_2498-683x1024.jpg 683w\" sizes=\"auto, (max-width: 200px) 100vw, 200px\" \/><\/a><\/figure><\/div>\n\n\n\n<p><strong><em>Psixologiya kafedras\u0131n\u0131n dosenti,pedaqogika&nbsp;<\/em><em>\u00fczr\u0259 f\u0259ls\u0259f\u0259 doktoru&nbsp;\u0130brahimov C\u0259f\u0259r H\u00fcseyn o\u011flu<\/em><\/strong><\/p>\n\n\n\n<p>1951-ci ild\u0259 Tovuz rayonunun Yan\u0131ql\u0131 k\u0259ndind\u0259 anadan olmu\u015fdur. 1976-c\u0131 ild\u0259 S.M.Kirov ad\u0131na Az\u0259rbaycan D\u00f6vl\u0259t Universitetini, 1990-c\u0131 ild\u0259 is\u0259 Moskva D\u00f6vl\u0259t M\u0259d\u0259niyy\u0259t Universitetinin aspiranturas\u0131n\u0131 bitir\u0259r\u0259k pedaqoji elml\u0259r namiz\u0259di elmi d\u0259r\u0259c\u0259si alm\u0131\u015fd\u0131r. 2003-c\u00fc ild\u0259n \u201cPsixologiya\u201d elmi \u00fczr\u0259 dosentdir. 2010 v\u0259 2014-c\u00fc ill\u0259rd\u0259 GDU r\u0259hb\u0259rliyi, 2014-c\u00fc ild\u0259 Az\u0259rbaycan Respublikas\u0131 T\u0259hsil Nazirliyi t\u0259r\u0259find\u0259n \u201cF\u0259xri F\u0259rman\u201d, 2018-ci ild\u0259 is\u0259 \u201cAz\u0259rbaqycan Respublikas\u0131 qabaqc\u0131l t\u0259hsil i\u015f\u00e7isi\u201d d\u00f6\u015f ni\u015fan\u0131 il\u0259 t\u0259ltif edilmi\u015fdir.<\/p>\n\n\n\n<p>1997-ci ilin aprel ay\u0131ndan YAP \u2013\u0131n \u00fczv\u00fcd\u00fcr.<\/p>\n\n\n\n<p>Pedaqoji psixologiya&nbsp; istiqam\u0259tind\u0259 elmi t\u0259dqiqatlar apar\u0131r. \u201cPsixologiyadan&nbsp; m\u00fchazir\u0259 konspektl\u0259ri\u201d (d\u0259rs v\u0259saiti);&nbsp; \u201cPsixologiyan\u0131n t\u0259drisi metodikas\u0131\u201d (d\u0259rs v\u0259saiti; \u201cAbbasqulu A\u011fa&nbsp; Bak\u0131xanovun \u0259s\u0259rl\u0259rind\u0259 t\u0259rbiy\u0259nin psixoloji m\u0259s\u0259l\u0259l\u0259ri\u201d (monoqrafiya);&nbsp; \u201c\u0130mad\u0259ddin N\u0259simi yarad\u0131c\u0131l\u0131\u011f\u0131nda humanizm v\u0259 insanp\u0259rv\u0259rlik ideyalar\u0131n\u0131n psixoloji t\u0259c\u0259ss\u00fcm\u00fc\u201d (monoqrafiya);&nbsp; \u201cPsixologiya\u201d f\u0259nni \u00fczr\u0259 seminar m\u0259\u015f\u011f\u0259l\u0259l\u0259rin\u0259 aid metodik g\u00f6st\u0259ri\u015fl\u0259r\u201d; \u201cU\u015faqlar\u0131n psixi inki\u015faf\u0131nda senzitiv d\u00f6vr\u00fcn \u0259h\u0259miyy\u0259ti\u201d (metodik v\u0259sait); \u201cYeniyetm\u0259lik&nbsp; ya\u015f\u0131 d\u00f6vr\u00fcnd\u0259 t\u0259limin optimalla\u015fd\u0131r\u0131lmas\u0131\u201d (metodik v\u0259sait) ; psixologiyan\u0131n m\u00fcxt\u0259lif sah\u0259l\u0259rin\u0259 aid 29 f\u0259nn proqram\u0131n\u0131n; Beyn\u0259lxalq konfranslar\u0131n i\u015ftirak\u00e7\u0131s\u0131 v\u0259 \u00fcmumilikd\u0259 80 elmi \u0259s\u0259rin m\u00fc\u0259llifidir.<\/p>\n\n\n\n<p>Haz\u0131rda G\u0259nc\u0259 D\u00f6vl\u0259t Universitetinin Psixologiya kafedras\u0131n\u0131n dosentidir.<\/p>\n","protected":false},"excerpt":{"rendered":"<p>Psixologiya kafedras\u0131n\u0131n dosenti,pedaqogika&nbsp;\u00fczr\u0259 f\u0259ls\u0259f\u0259 doktoru&nbsp;\u0130brahimov C\u0259f\u0259r H\u00fcseyn o\u011flu 1951-ci ild\u0259 Tovuz rayonunun Yan\u0131ql\u0131 k\u0259ndind\u0259 anadan olmu\u015fdur. 1976-c\u0131 ild\u0259 S.M.Kirov ad\u0131na Az\u0259rbaycan D\u00f6vl\u0259t Universitetini, 1990-c\u0131 ild\u0259 is\u0259 Moskva D\u00f6vl\u0259t M\u0259d\u0259niyy\u0259t Universitetinin aspiranturas\u0131n\u0131 bitir\u0259r\u0259k pedaqoji elml\u0259r namiz\u0259di elmi d\u0259r\u0259c\u0259si alm\u0131\u015fd\u0131r. 2003-c\u00fc ild\u0259n \u201cPsixologiya\u201d elmi \u00fczr\u0259 dosentdir. 2010 v\u0259 2014-c\u00fc ill\u0259rd\u0259 GDU r\u0259hb\u0259rliyi, 2014-c\u00fc ild\u0259 Az\u0259rbaycan Respublikas\u0131 T\u0259hsil<\/p>\n<p><a href=\"http:\/\/pedf.gdu.edu.az\/?page_id=750\" class=\"more-link themebutton\">Daha \u0259trafl\u0131 <\/a><\/p>\n","protected":false},"author":1,"featured_media":1010,"parent":0,"menu_order":0,"comment_status":"closed","ping_status":"closed","template":"","meta":{"footnotes":""},"class_list":["post-750","page","type-page","status-publish","has-post-thumbnail","hentry"],"_links":{"self":[{"href":"http:\/\/pedf.gdu.edu.az\/index.php?rest_route=\/wp\/v2\/pages\/750","targetHints":{"allow":["GET"]}}],"collection":[{"href":"http:\/\/pedf.gdu.edu.az\/index.php?rest_route=\/wp\/v2\/pages"}],"about":[{"href":"http:\/\/pedf.gdu.edu.az\/index.php?rest_route=\/wp\/v2\/types\/page"}],"author":[{"embeddable":true,"href":"http:\/\/pedf.gdu.edu.az\/index.php?rest_route=\/wp\/v2\/users\/1"}],"replies":[{"embeddable":true,"href":"http:\/\/pedf.gdu.edu.az\/index.php?rest_route=%2Fwp%2Fv2%2Fcomments&post=750"}],"version-history":[{"count":8,"href":"http:\/\/pedf.gdu.edu.az\/index.php?rest_route=\/wp\/v2\/pages\/750\/revisions"}],"predecessor-version":[{"id":10129,"href":"http:\/\/pedf.gdu.edu.az\/index.php?rest_route=\/wp\/v2\/pages\/750\/revisions\/10129"}],"wp:featuredmedia":[{"embeddable":true,"href":"http:\/\/pedf.gdu.edu.az\/index.php?rest_route=\/wp\/v2\/media\/1010"}],"wp:attachment":[{"href":"http:\/\/pedf.gdu.edu.az\/index.php?rest_route=%2Fwp%2Fv2%2Fmedia&parent=750"}],"curies":[{"name":"wp","href":"https:\/\/api.w.org\/{rel}","templated":true}]}}