{"id":726,"date":"2016-04-14T15:38:43","date_gmt":"2016-04-14T13:38:43","guid":{"rendered":"http:\/\/pf.gdu.edu.az\/?page_id=726"},"modified":"2025-05-07T07:12:01","modified_gmt":"2025-05-07T05:12:01","slug":"isg%c9%99nd%c9%99rova-arif%c9%99-zabir-qizi","status":"publish","type":"page","link":"http:\/\/pedf.gdu.edu.az\/?page_id=726","title":{"rendered":"\u0130sg\u0259nd\u0259rova Arif\u0259 Zabir q\u0131z\u0131"},"content":{"rendered":"\n<div class=\"wp-block-image\"><figure class=\"alignleft\"><a href=\"http:\/\/pf.gdu.edu.az\/wp-content\/uploads\/2016\/04\/\u0130sg\u0259nd\u0259rova-Arif\u0259-m\u00fc\u0259llim.jpg\" data-rel=\"lightbox-image-0\" data-rl_title=\"\" data-rl_caption=\"\" title=\"\"><img loading=\"lazy\" decoding=\"async\" width=\"250\" height=\"313\" src=\"http:\/\/pf.gdu.edu.az\/wp-content\/uploads\/2016\/04\/\u0130sg\u0259nd\u0259rova-Arif\u0259-m\u00fc\u0259llim.jpg\" alt=\"\u0130sg\u0259nd\u0259rova Arif\u0259 m\u00fc\u0259llim\" class=\"wp-image-727\" srcset=\"http:\/\/pedf.gdu.edu.az\/wp-content\/uploads\/2016\/04\/\u0130sg\u0259nd\u0259rova-Arif\u0259-m\u00fc\u0259llim.jpg 250w, http:\/\/pedf.gdu.edu.az\/wp-content\/uploads\/2016\/04\/\u0130sg\u0259nd\u0259rova-Arif\u0259-m\u00fc\u0259llim-240x300.jpg 240w\" sizes=\"auto, (max-width: 250px) 100vw, 250px\" \/><\/a><\/figure><\/div>\n\n\n\n<p>1975-ci ild\u0259 G\u0259nc\u0259 \u015f\u0259h\u0259rind\u0259 anadan olub.<\/p>\n\n\n\n<p>1982-ci ild\u0259 G\u0259nc\u0259 \u015f\u0259h\u0259ri H.H\u0259rimanov ad\u0131na 25<\/p>\n\n\n\n<p>sayl\u0131 orta m\u0259kt\u0259b\u0259 daxil olmu\u015f, 1993-c\u00fc ild\u0259 orta<\/p>\n\n\n\n<p>m\u0259kt\u0259bi bitirmi\u015fdir. 1993-c\u00fc ild\u0259 GDU-nun Pedaqo-<\/p>\n\n\n\n<p>qika v\u0259 psixologiya fakult\u0259sin\u0259 daxil olub, 1997-ci ild\u0259 bitirib. 1999-cu ild\u0259 GDU-da magistraturaya q\u0259bul olub, 2001-ci ild\u0259 f\u0259rql\u0259nm\u0259 diplomu il\u0259 bitirib v\u0259 2006-c\u0131 ild\u0259n GDU-da laborant, 2012-ci ild\u0259n is\u0259 Psixologiya kafedras\u0131nda m\u00fc\u0259llim v\u0259zif\u0259sind\u0259 \u00e7al\u0131\u015f\u0131r. 2014-c\u00fc ild\u0259n GDU-nun Doktorantura \u015f\u00f6b\u0259sin\u0259 Psixologiya ixtisas\u0131 \u00fczr\u0259 disertant kimi daxil olmu\u015fdur. 7 m\u0259qal\u0259si capdan c\u0131x\u0131b. Ail\u0259lidir.<\/p>\n","protected":false},"excerpt":{"rendered":"<p>1975-ci ild\u0259 G\u0259nc\u0259 \u015f\u0259h\u0259rind\u0259 anadan olub. 1982-ci ild\u0259 G\u0259nc\u0259 \u015f\u0259h\u0259ri H.H\u0259rimanov ad\u0131na 25 sayl\u0131 orta m\u0259kt\u0259b\u0259 daxil olmu\u015f, 1993-c\u00fc ild\u0259 orta m\u0259kt\u0259bi bitirmi\u015fdir. 1993-c\u00fc ild\u0259 GDU-nun Pedaqo- qika v\u0259 psixologiya fakult\u0259sin\u0259 daxil olub, 1997-ci ild\u0259 bitirib. 1999-cu ild\u0259 GDU-da magistraturaya q\u0259bul olub, 2001-ci ild\u0259 f\u0259rql\u0259nm\u0259 diplomu il\u0259 bitirib v\u0259 2006-c\u0131 ild\u0259n GDU-da laborant, 2012-ci ild\u0259n<\/p>\n<p><a href=\"http:\/\/pedf.gdu.edu.az\/?page_id=726\" class=\"more-link themebutton\">Daha \u0259trafl\u0131 <\/a><\/p>\n","protected":false},"author":1,"featured_media":727,"parent":0,"menu_order":0,"comment_status":"closed","ping_status":"closed","template":"","meta":{"footnotes":""},"class_list":["post-726","page","type-page","status-publish","has-post-thumbnail","hentry"],"_links":{"self":[{"href":"http:\/\/pedf.gdu.edu.az\/index.php?rest_route=\/wp\/v2\/pages\/726","targetHints":{"allow":["GET"]}}],"collection":[{"href":"http:\/\/pedf.gdu.edu.az\/index.php?rest_route=\/wp\/v2\/pages"}],"about":[{"href":"http:\/\/pedf.gdu.edu.az\/index.php?rest_route=\/wp\/v2\/types\/page"}],"author":[{"embeddable":true,"href":"http:\/\/pedf.gdu.edu.az\/index.php?rest_route=\/wp\/v2\/users\/1"}],"replies":[{"embeddable":true,"href":"http:\/\/pedf.gdu.edu.az\/index.php?rest_route=%2Fwp%2Fv2%2Fcomments&post=726"}],"version-history":[{"count":2,"href":"http:\/\/pedf.gdu.edu.az\/index.php?rest_route=\/wp\/v2\/pages\/726\/revisions"}],"predecessor-version":[{"id":10145,"href":"http:\/\/pedf.gdu.edu.az\/index.php?rest_route=\/wp\/v2\/pages\/726\/revisions\/10145"}],"wp:featuredmedia":[{"embeddable":true,"href":"http:\/\/pedf.gdu.edu.az\/index.php?rest_route=\/wp\/v2\/media\/727"}],"wp:attachment":[{"href":"http:\/\/pedf.gdu.edu.az\/index.php?rest_route=%2Fwp%2Fv2%2Fmedia&parent=726"}],"curies":[{"name":"wp","href":"https:\/\/api.w.org\/{rel}","templated":true}]}}