{"id":723,"date":"2016-04-14T15:46:17","date_gmt":"2016-04-14T13:46:17","guid":{"rendered":"http:\/\/pf.gdu.edu.az\/?page_id=723"},"modified":"2025-05-07T07:08:21","modified_gmt":"2025-05-07T05:08:21","slug":"bas-mu%c9%99llim-huseynova-%c9%99rkinaz-isax-qizi","status":"publish","type":"page","link":"http:\/\/pedf.gdu.edu.az\/?page_id=723","title":{"rendered":"Ba\u015f m\u00fc\u0259llim H\u00fcseynova \u018frkinaz \u0130sax q\u0131z\u0131"},"content":{"rendered":"\n<div class=\"wp-block-image\"><figure class=\"alignleft\"><a href=\"http:\/\/pf.gdu.edu.az\/wp-content\/uploads\/2016\/04\/H\u00fcseynova-\u018frkinaz-Ba\u015f-M\u00fc\u0259llim.jpg\" data-rel=\"lightbox-image-0\" data-rl_title=\"\" data-rl_caption=\"\" title=\"\"><img loading=\"lazy\" decoding=\"async\" width=\"250\" height=\"336\" src=\"http:\/\/pf.gdu.edu.az\/wp-content\/uploads\/2016\/04\/H\u00fcseynova-\u018frkinaz-Ba\u015f-M\u00fc\u0259llim.jpg\" alt=\"H\u00fcseynova \u018frkinaz Ba\u015f M\u00fc\u0259llim\" class=\"wp-image-724\" srcset=\"http:\/\/pedf.gdu.edu.az\/wp-content\/uploads\/2016\/04\/H\u00fcseynova-\u018frkinaz-Ba\u015f-M\u00fc\u0259llim.jpg 250w, http:\/\/pedf.gdu.edu.az\/wp-content\/uploads\/2016\/04\/H\u00fcseynova-\u018frkinaz-Ba\u015f-M\u00fc\u0259llim-223x300.jpg 223w\" sizes=\"auto, (max-width: 250px) 100vw, 250px\" \/><\/a><\/figure><\/div>\n\n\n\n<p>1953-ci ild\u0259 G\u0259nc\u0259 \u015f\u0259h\u0259rind\u0259 anadan olub.<\/p>\n\n\n\n<p>1976-c\u0131 ild\u0259 H.Z\u0259rdabi ad\u0131na G\u0259nc\u0259 D\u00f6vl\u0259t Pedaqoji \u0130nstitunu G\u0259nc\u0259 D\u00f6vl\u0259t Universitetinin \u0130btidai t\u0259hsilin pedaqogikas\u0131 v\u0259 metodikas\u0131 ixtisas\u0131na &nbsp;daxil olmu\u015fdur, 1981-ci ild\u0259 is\u0259 h\u0259min institutu bitirmi\u015fdir. 1971-ci ild\u0259n elmi-pedaqoji f\u0259aliyy\u0259t\u0259 ba\u015flam\u0131\u015f,1991-ci ild\u0259n &nbsp;is\u0259 h\u0259min institutun &nbsp;Psixologiya kafedras\u0131nda m\u00fc\u0259llim v\u0259zif\u0259sind\u0259 \u00e7al\u0131\u015f\u0131r. 18 m\u0259qal\u0259 m\u00fc\u0259llifidir.<\/p>\n","protected":false},"excerpt":{"rendered":"<p>1953-ci ild\u0259 G\u0259nc\u0259 \u015f\u0259h\u0259rind\u0259 anadan olub. 1976-c\u0131 ild\u0259 H.Z\u0259rdabi ad\u0131na G\u0259nc\u0259 D\u00f6vl\u0259t Pedaqoji \u0130nstitunu G\u0259nc\u0259 D\u00f6vl\u0259t Universitetinin \u0130btidai t\u0259hsilin pedaqogikas\u0131 v\u0259 metodikas\u0131 ixtisas\u0131na &nbsp;daxil olmu\u015fdur, 1981-ci ild\u0259 is\u0259 h\u0259min institutu bitirmi\u015fdir. 1971-ci ild\u0259n elmi-pedaqoji f\u0259aliyy\u0259t\u0259 ba\u015flam\u0131\u015f,1991-ci ild\u0259n &nbsp;is\u0259 h\u0259min institutun &nbsp;Psixologiya kafedras\u0131nda m\u00fc\u0259llim v\u0259zif\u0259sind\u0259 \u00e7al\u0131\u015f\u0131r. 18 m\u0259qal\u0259 m\u00fc\u0259llifidir.<\/p>\n","protected":false},"author":1,"featured_media":724,"parent":0,"menu_order":0,"comment_status":"closed","ping_status":"closed","template":"","meta":{"footnotes":""},"class_list":["post-723","page","type-page","status-publish","has-post-thumbnail","hentry"],"_links":{"self":[{"href":"http:\/\/pedf.gdu.edu.az\/index.php?rest_route=\/wp\/v2\/pages\/723","targetHints":{"allow":["GET"]}}],"collection":[{"href":"http:\/\/pedf.gdu.edu.az\/index.php?rest_route=\/wp\/v2\/pages"}],"about":[{"href":"http:\/\/pedf.gdu.edu.az\/index.php?rest_route=\/wp\/v2\/types\/page"}],"author":[{"embeddable":true,"href":"http:\/\/pedf.gdu.edu.az\/index.php?rest_route=\/wp\/v2\/users\/1"}],"replies":[{"embeddable":true,"href":"http:\/\/pedf.gdu.edu.az\/index.php?rest_route=%2Fwp%2Fv2%2Fcomments&post=723"}],"version-history":[{"count":2,"href":"http:\/\/pedf.gdu.edu.az\/index.php?rest_route=\/wp\/v2\/pages\/723\/revisions"}],"predecessor-version":[{"id":10136,"href":"http:\/\/pedf.gdu.edu.az\/index.php?rest_route=\/wp\/v2\/pages\/723\/revisions\/10136"}],"wp:featuredmedia":[{"embeddable":true,"href":"http:\/\/pedf.gdu.edu.az\/index.php?rest_route=\/wp\/v2\/media\/724"}],"wp:attachment":[{"href":"http:\/\/pedf.gdu.edu.az\/index.php?rest_route=%2Fwp%2Fv2%2Fmedia&parent=723"}],"curies":[{"name":"wp","href":"https:\/\/api.w.org\/{rel}","templated":true}]}}