{"id":708,"date":"2016-04-14T15:41:51","date_gmt":"2016-04-14T13:41:51","guid":{"rendered":"http:\/\/pf.gdu.edu.az\/?page_id=708"},"modified":"2025-05-07T07:09:54","modified_gmt":"2025-05-07T05:09:54","slug":"bas-mu%c9%99llim-cabbarova-telli-r%c9%99him-qizi","status":"publish","type":"page","link":"http:\/\/pedf.gdu.edu.az\/?page_id=708","title":{"rendered":"Ba\u015f m\u00fc\u0259llim Cabbarova Telli R\u0259him q\u0131z\u0131"},"content":{"rendered":"\n<div class=\"wp-block-image\"><figure class=\"alignleft\"><a href=\"http:\/\/pf.gdu.edu.az\/wp-content\/uploads\/2016\/04\/Cabbarova-Telli-ba\u015f-m\u00fc\u0259llim.jpg\" data-rel=\"lightbox-image-0\" data-rl_title=\"\" data-rl_caption=\"\" title=\"\"><img loading=\"lazy\" decoding=\"async\" width=\"250\" height=\"313\" src=\"http:\/\/pf.gdu.edu.az\/wp-content\/uploads\/2016\/04\/Cabbarova-Telli-ba\u015f-m\u00fc\u0259llim.jpg\" alt=\"Cabbarova Telli ba\u015f m\u00fc\u0259llim\" class=\"wp-image-709\" srcset=\"http:\/\/pedf.gdu.edu.az\/wp-content\/uploads\/2016\/04\/Cabbarova-Telli-ba\u015f-m\u00fc\u0259llim.jpg 250w, http:\/\/pedf.gdu.edu.az\/wp-content\/uploads\/2016\/04\/Cabbarova-Telli-ba\u015f-m\u00fc\u0259llim-240x300.jpg 240w\" sizes=\"auto, (max-width: 250px) 100vw, 250px\" \/><\/a><\/figure><\/div>\n\n\n\n<p>1977-ci ild\u0259 Goranboy rayonunda&nbsp; anadan olmu\u015f.1984-1994 c\u00fc ill\u0259rd\u0259 orta m\u0259kt\u0259bd\u0259 t\u0259hsil alm\u0131\u015fd\u0131r.<\/p>\n\n\n\n<p>1994-1998 ci ill\u0259rd\u0259 bakalavr t\u0259hsili alm\u0131\u015f, 2001- ci ild\u0259 is\u0259 GDU&nbsp; Magistr pill\u0259sini (Pedaqogika v\u0259 psixologiya) f\u0259rql\u0259nm\u0259 diplomu il\u0259 bitirmi\u015fdir. 2001-ci ild\u0259n Psixologiya kafedras\u0131nda m\u00fc\u0259llim, 2009-cu ild\u0259n is\u0259 ba\u015f m\u00fc\u0259llim v\u0259zif\u0259sind\u0259 \u00e7al\u0131\u015f\u0131r.<\/p>\n\n\n\n<p>16 elmi m\u0259qal\u0259nin v\u0259 f\u0259nn proqramlar\u0131n\u0131n m\u00fc\u0259llifidir.<\/p>\n\n\n\n<p>Universitetd\u0259 ke\u00e7iril\u0259n b\u00fct\u00fcn elmi konfranslarda f\u0259all\u0131q gost\u0259r\u0259r\u0259k elmi-pedaqoji f\u0259aliyy\u0259tini davam etdirir.<\/p>\n","protected":false},"excerpt":{"rendered":"<p>1977-ci ild\u0259 Goranboy rayonunda&nbsp; anadan olmu\u015f.1984-1994 c\u00fc ill\u0259rd\u0259 orta m\u0259kt\u0259bd\u0259 t\u0259hsil alm\u0131\u015fd\u0131r. 1994-1998 ci ill\u0259rd\u0259 bakalavr t\u0259hsili alm\u0131\u015f, 2001- ci ild\u0259 is\u0259 GDU&nbsp; Magistr pill\u0259sini (Pedaqogika v\u0259 psixologiya) f\u0259rql\u0259nm\u0259 diplomu il\u0259 bitirmi\u015fdir. 2001-ci ild\u0259n Psixologiya kafedras\u0131nda m\u00fc\u0259llim, 2009-cu ild\u0259n is\u0259 ba\u015f m\u00fc\u0259llim v\u0259zif\u0259sind\u0259 \u00e7al\u0131\u015f\u0131r. 16 elmi m\u0259qal\u0259nin v\u0259 f\u0259nn proqramlar\u0131n\u0131n m\u00fc\u0259llifidir. Universitetd\u0259 ke\u00e7iril\u0259n b\u00fct\u00fcn elmi<\/p>\n<p><a href=\"http:\/\/pedf.gdu.edu.az\/?page_id=708\" class=\"more-link themebutton\">Daha \u0259trafl\u0131 <\/a><\/p>\n","protected":false},"author":1,"featured_media":709,"parent":0,"menu_order":0,"comment_status":"closed","ping_status":"closed","template":"","meta":{"footnotes":""},"class_list":["post-708","page","type-page","status-publish","has-post-thumbnail","hentry"],"_links":{"self":[{"href":"http:\/\/pedf.gdu.edu.az\/index.php?rest_route=\/wp\/v2\/pages\/708","targetHints":{"allow":["GET"]}}],"collection":[{"href":"http:\/\/pedf.gdu.edu.az\/index.php?rest_route=\/wp\/v2\/pages"}],"about":[{"href":"http:\/\/pedf.gdu.edu.az\/index.php?rest_route=\/wp\/v2\/types\/page"}],"author":[{"embeddable":true,"href":"http:\/\/pedf.gdu.edu.az\/index.php?rest_route=\/wp\/v2\/users\/1"}],"replies":[{"embeddable":true,"href":"http:\/\/pedf.gdu.edu.az\/index.php?rest_route=%2Fwp%2Fv2%2Fcomments&post=708"}],"version-history":[{"count":3,"href":"http:\/\/pedf.gdu.edu.az\/index.php?rest_route=\/wp\/v2\/pages\/708\/revisions"}],"predecessor-version":[{"id":10141,"href":"http:\/\/pedf.gdu.edu.az\/index.php?rest_route=\/wp\/v2\/pages\/708\/revisions\/10141"}],"wp:featuredmedia":[{"embeddable":true,"href":"http:\/\/pedf.gdu.edu.az\/index.php?rest_route=\/wp\/v2\/media\/709"}],"wp:attachment":[{"href":"http:\/\/pedf.gdu.edu.az\/index.php?rest_route=%2Fwp%2Fv2%2Fmedia&parent=708"}],"curies":[{"name":"wp","href":"https:\/\/api.w.org\/{rel}","templated":true}]}}