{"id":696,"date":"2016-04-14T15:44:08","date_gmt":"2016-04-14T13:44:08","guid":{"rendered":"http:\/\/pf.gdu.edu.az\/?page_id=696"},"modified":"2025-05-07T07:08:54","modified_gmt":"2025-05-07T05:08:54","slug":"bagirova-abuh%c9%99yat-m%c9%99mm%c9%99d%c9%99li-qizi","status":"publish","type":"page","link":"http:\/\/pedf.gdu.edu.az\/?page_id=696","title":{"rendered":"Ba\u011f\u0131rova Abuh\u0259yat M\u0259mm\u0259d\u0259li q\u0131z\u0131"},"content":{"rendered":"\n<div class=\"wp-block-image\"><figure class=\"alignleft\"><a href=\"http:\/\/pf.gdu.edu.az\/wp-content\/uploads\/2016\/04\/Ba\u011f\u0131rova-Abuh\u0259yat-ba\u015f-m\u00fc\u0259llim.jpg\" data-rel=\"lightbox-image-0\" data-rl_title=\"\" data-rl_caption=\"\" title=\"\"><img loading=\"lazy\" decoding=\"async\" width=\"250\" height=\"313\" src=\"http:\/\/pf.gdu.edu.az\/wp-content\/uploads\/2016\/04\/Ba\u011f\u0131rova-Abuh\u0259yat-ba\u015f-m\u00fc\u0259llim.jpg\" alt=\"Ba\u011f\u0131rova Abuh\u0259yat ba\u015f m\u00fc\u0259llim\" class=\"wp-image-697\" srcset=\"http:\/\/pedf.gdu.edu.az\/wp-content\/uploads\/2016\/04\/Ba\u011f\u0131rova-Abuh\u0259yat-ba\u015f-m\u00fc\u0259llim.jpg 250w, http:\/\/pedf.gdu.edu.az\/wp-content\/uploads\/2016\/04\/Ba\u011f\u0131rova-Abuh\u0259yat-ba\u015f-m\u00fc\u0259llim-240x300.jpg 240w\" sizes=\"auto, (max-width: 250px) 100vw, 250px\" \/><\/a><\/figure><\/div>\n\n\n\n<p><em>Psixologiya kafedras\u0131n\u0131n ba\u015f m\u00fc\u0259llimi<\/em><\/p>\n\n\n\n<p>16.01.1962-ci ild\u0259 &nbsp;G\u0259nc\u0259 \u015f\u0259h\u0259rind\u0259 anadan&nbsp;olub &nbsp;1970-ci ild\u0259 G\u0259nc\u0259 \u015f\u0259h\u0259ri K.D.U\u015finski ad\u0131na&nbsp;&nbsp;29\u2116 li orta &nbsp;m\u0259kt\u0259bin\u0259 daxil olub 1979 \u2013cu ild\u0259&nbsp;orta m\u0259kt\u0259bi bitiribdir. 1989-cu ild\u0259 GDP\u0130-nin Pedaqoqika v\u0259 Psixologiya fakult\u0259sin\u0259 daxil olmu\u015f, 1993-cu ild\u0259 bitiribdir. 1996-c\u0131 ild\u0259 Pedaqoqika kafedras\u0131na laborant v\u0259zif\u0259sin\u0259 daxil olmu\u015fdu v\u0259 1999-cu ild\u0259n Psixologiya kafedras\u0131nda m\u00fc\u0259llim\u0259 i\u015fl\u0259yir. 2009-cu ild\u0259 ba\u015f m\u00fc\u0259llim ke\u00e7ib. 12 m\u0259qal\u0259 m\u00fc\u0259llifidir.<\/p>\n","protected":false},"excerpt":{"rendered":"<p>Psixologiya kafedras\u0131n\u0131n ba\u015f m\u00fc\u0259llimi 16.01.1962-ci ild\u0259 &nbsp;G\u0259nc\u0259 \u015f\u0259h\u0259rind\u0259 anadan&nbsp;olub &nbsp;1970-ci ild\u0259 G\u0259nc\u0259 \u015f\u0259h\u0259ri K.D.U\u015finski ad\u0131na&nbsp;&nbsp;29\u2116 li orta &nbsp;m\u0259kt\u0259bin\u0259 daxil olub 1979 \u2013cu ild\u0259&nbsp;orta m\u0259kt\u0259bi bitiribdir. 1989-cu ild\u0259 GDP\u0130-nin Pedaqoqika v\u0259 Psixologiya fakult\u0259sin\u0259 daxil olmu\u015f, 1993-cu ild\u0259 bitiribdir. 1996-c\u0131 ild\u0259 Pedaqoqika kafedras\u0131na laborant v\u0259zif\u0259sin\u0259 daxil olmu\u015fdu v\u0259 1999-cu ild\u0259n Psixologiya kafedras\u0131nda m\u00fc\u0259llim\u0259 i\u015fl\u0259yir. 2009-cu ild\u0259 ba\u015f<\/p>\n<p><a href=\"http:\/\/pedf.gdu.edu.az\/?page_id=696\" class=\"more-link themebutton\">Daha \u0259trafl\u0131 <\/a><\/p>\n","protected":false},"author":1,"featured_media":697,"parent":0,"menu_order":0,"comment_status":"closed","ping_status":"closed","template":"","meta":{"footnotes":""},"class_list":["post-696","page","type-page","status-publish","has-post-thumbnail","hentry"],"_links":{"self":[{"href":"http:\/\/pedf.gdu.edu.az\/index.php?rest_route=\/wp\/v2\/pages\/696","targetHints":{"allow":["GET"]}}],"collection":[{"href":"http:\/\/pedf.gdu.edu.az\/index.php?rest_route=\/wp\/v2\/pages"}],"about":[{"href":"http:\/\/pedf.gdu.edu.az\/index.php?rest_route=\/wp\/v2\/types\/page"}],"author":[{"embeddable":true,"href":"http:\/\/pedf.gdu.edu.az\/index.php?rest_route=\/wp\/v2\/users\/1"}],"replies":[{"embeddable":true,"href":"http:\/\/pedf.gdu.edu.az\/index.php?rest_route=%2Fwp%2Fv2%2Fcomments&post=696"}],"version-history":[{"count":2,"href":"http:\/\/pedf.gdu.edu.az\/index.php?rest_route=\/wp\/v2\/pages\/696\/revisions"}],"predecessor-version":[{"id":10138,"href":"http:\/\/pedf.gdu.edu.az\/index.php?rest_route=\/wp\/v2\/pages\/696\/revisions\/10138"}],"wp:featuredmedia":[{"embeddable":true,"href":"http:\/\/pedf.gdu.edu.az\/index.php?rest_route=\/wp\/v2\/media\/697"}],"wp:attachment":[{"href":"http:\/\/pedf.gdu.edu.az\/index.php?rest_route=%2Fwp%2Fv2%2Fmedia&parent=696"}],"curies":[{"name":"wp","href":"https:\/\/api.w.org\/{rel}","templated":true}]}}